CRAN Package Check Results for Package genetics

Last updated on 2022-11-30 07:54:28 CET.

Flavor Version Tinstall Tcheck Ttotal Status Flags
r-devel-linux-x86_64-debian-clang 1.3.8.1.3 5.91 74.67 80.58 OK
r-devel-linux-x86_64-debian-gcc 1.3.8.1.3 4.33 54.43 58.76 OK
r-devel-linux-x86_64-fedora-clang 1.3.8.1.3 117.48 NOTE
r-devel-linux-x86_64-fedora-gcc 1.3.8.1.3 113.40 OK
r-devel-windows-x86_64 1.3.8.1.3 44.00 105.00 149.00 OK
r-patched-linux-x86_64 1.3.8.1.3 6.62 66.83 73.45 OK
r-release-linux-x86_64 1.3.8.1.3 5.35 68.93 74.28 OK
r-release-macos-arm64 1.3.8.1.3 26.00 OK
r-release-macos-x86_64 1.3.8.1.3 42.00 OK
r-release-windows-x86_64 1.3.8.1.3 31.00 108.00 139.00 OK
r-oldrel-macos-arm64 1.3.8.1.3 36.00 OK
r-oldrel-macos-x86_64 1.3.8.1.3 56.00 OK
r-oldrel-windows-ix86+x86_64 1.3.8.1.3 11.00 96.00 107.00 OK

Check Details

Version: 1.3.8.1.3
Check: Rd cross-references
Result: NOTE
    Undeclared package ‘bootstrap’ in Rd xrefs
Flavor: r-devel-linux-x86_64-fedora-clang