CRAN Package Check Results for Package gen3sis

Last updated on 2023-01-26 07:53:51 CET.

Flavor Version Tinstall Tcheck Ttotal Status Flags
r-devel-linux-x86_64-debian-clang 1.4 71.16 406.54 477.70 NOTE
r-devel-linux-x86_64-debian-gcc 1.4 55.74 299.19 354.93 NOTE
r-devel-linux-x86_64-fedora-clang 1.4 611.66 NOTE
r-devel-linux-x86_64-fedora-gcc 1.4 618.49 NOTE
r-devel-windows-x86_64 1.4 349.00 435.00 784.00 NOTE
r-patched-linux-x86_64 1.4 65.62 395.33 460.95 OK
r-release-linux-x86_64 1.4 70.50 384.42 454.92 OK
r-release-macos-arm64 1.4 120.00 NOTE
r-release-macos-x86_64 1.4 167.00 NOTE
r-release-windows-x86_64 1.4 383.00 430.00 813.00 NOTE
r-oldrel-macos-arm64 1.4 113.00 NOTE
r-oldrel-macos-x86_64 1.4 171.00 NOTE
r-oldrel-windows-ix86+x86_64 1.4 158.00 556.00 714.00 NOTE

Check Details

Version: 1.4
Check: Rd files
Result: NOTE
    checkRd: (-1) plot_summary.Rd:14: Escaped LaTeX specials: \_
Flavors: r-devel-linux-x86_64-debian-clang, r-devel-linux-x86_64-debian-gcc, r-devel-linux-x86_64-fedora-clang, r-devel-linux-x86_64-fedora-gcc, r-devel-windows-x86_64

Version: 1.4
Check: installed package size
Result: NOTE
     installed size is 5.5Mb
     sub-directories of 1Mb or more:
     doc 1.3Mb
     extdata 3.5Mb
Flavors: r-devel-linux-x86_64-fedora-clang, r-devel-windows-x86_64, r-release-macos-arm64, r-release-macos-x86_64, r-release-windows-x86_64, r-oldrel-macos-arm64, r-oldrel-macos-x86_64, r-oldrel-windows-ix86+x86_64

Version: 1.4
Check: dependencies in R code
Result: NOTE
    Namespace in Imports field not imported from: ‘sp’
     All declared Imports should be used.
Flavors: r-devel-linux-x86_64-fedora-clang, r-devel-linux-x86_64-fedora-gcc, r-release-macos-arm64, r-release-macos-x86_64, r-oldrel-macos-arm64, r-oldrel-macos-x86_64