CRAN Package Check Results for Package gdtools

Last updated on 2024-07-19 08:54:56 CEST.

Flavor Version Tinstall Tcheck Ttotal Status Flags
r-devel-linux-x86_64-debian-clang 0.3.7 59.20 49.04 108.24 OK
r-devel-linux-x86_64-debian-gcc 0.3.7 26.01 36.76 62.77 OK
r-devel-linux-x86_64-fedora-clang 0.3.7 160.82 OK
r-devel-linux-x86_64-fedora-gcc 0.3.7 153.60 OK
r-devel-windows-x86_64 0.3.7 55.00 112.00 167.00 NOTE
r-patched-linux-x86_64 0.3.7 53.28 46.94 100.22 OK
r-release-linux-x86_64 0.3.7 42.87 46.31 89.18 OK
r-release-macos-arm64 0.3.7 42.00 OK
r-release-macos-x86_64 0.3.7 52.00 NOTE
r-release-windows-x86_64 0.3.7 65.00 112.00 177.00 OK
r-oldrel-macos-arm64 0.3.7 46.00 OK
r-oldrel-macos-x86_64 0.3.7 67.00 NOTE
r-oldrel-windows-x86_64 0.3.7 80.00 128.00 208.00 OK

Check Details

Version: 0.3.7
Check: Rd cross-references
Result: NOTE Found the following Rd file(s) with Rd \link{} targets missing package anchors: gfontHtmlDependency.Rd: htmlDependency Please provide package anchors for all Rd \link{} targets not in the package itself and the base packages. Flavor: r-devel-windows-x86_64

Version: 0.3.7
Check: installed package size
Result: NOTE installed size is 5.2Mb sub-directories of 1Mb or more: libs 5.0Mb Flavors: r-release-macos-x86_64, r-oldrel-macos-x86_64