CRAN Package Check Results for Package gbmt

Last updated on 2024-06-16 06:58:46 CEST.

Flavor Version Tinstall Tcheck Ttotal Status Flags
r-devel-linux-x86_64-debian-clang 0.1.3 9.23 94.33 103.56 NOTE
r-devel-linux-x86_64-debian-gcc 0.1.3 7.06 68.17 75.23 NOTE
r-devel-linux-x86_64-fedora-clang 0.1.3 128.45 NOTE
r-devel-linux-x86_64-fedora-gcc 0.1.3 119.16 NOTE
r-devel-windows-x86_64 0.1.3 7.00 80.00 87.00 NOTE
r-patched-linux-x86_64 0.1.3 10.31 87.95 98.26 NOTE
r-release-linux-x86_64 0.1.3 9.26 90.00 99.26 NOTE
r-release-macos-arm64 0.1.3 36.00 NOTE
r-release-macos-x86_64 0.1.3 55.00 NOTE
r-release-windows-x86_64 0.1.3 8.00 82.00 90.00 NOTE
r-oldrel-macos-arm64 0.1.3 36.00 OK
r-oldrel-macos-x86_64 0.1.3 64.00 OK
r-oldrel-windows-x86_64 0.1.3 7.00 94.00 101.00 OK

Check Details

Version: 0.1.3
Check: Rd files
Result: NOTE checkRd: (-1) gbmt-package.Rd:19: Lost braces in \itemize; meant \describe ? checkRd: (-1) gbmt-package.Rd:20: Lost braces in \itemize; meant \describe ? checkRd: (-1) gbmt-package.Rd:21: Lost braces in \itemize; meant \describe ? checkRd: (-1) gbmt-package.Rd:22: Lost braces in \itemize; meant \describe ? checkRd: (-1) gbmt.Rd:81: Lost braces in \itemize; meant \describe ? checkRd: (-1) gbmt.Rd:83: Lost braces in \itemize; meant \describe ? checkRd: (-1) gbmt.Rd:84: Lost braces in \itemize; meant \describe ? checkRd: (-1) gbmt.Rd:85: Lost braces in \itemize; meant \describe ? checkRd: (-1) gbmt.Rd:86: Lost braces in \itemize; meant \describe ? checkRd: (-1) gbmt.Rd:87: Lost braces in \itemize; meant \describe ? checkRd: (-1) gbmt.Rd:88: Lost braces in \itemize; meant \describe ? checkRd: (-1) gbmt.Rd:89: Lost braces in \itemize; meant \describe ? checkRd: (-1) gbmt.Rd:90: Lost braces in \itemize; meant \describe ? checkRd: (-1) gbmt.Rd:23: Lost braces in \itemize; \value handles \item{}{} directly checkRd: (-1) gbmt.Rd:24: Lost braces in \itemize; \value handles \item{}{} directly checkRd: (-1) gbmt.Rd:25: Lost braces in \itemize; \value handles \item{}{} directly checkRd: (-1) gbmt.Rd:26: Lost braces in \itemize; \value handles \item{}{} directly checkRd: (-1) gbmt.Rd:27: Lost braces in \itemize; \value handles \item{}{} directly checkRd: (-1) gbmt.Rd:28: Lost braces in \itemize; \value handles \item{}{} directly checkRd: (-1) gbmt.Rd:29: Lost braces in \itemize; \value handles \item{}{} directly checkRd: (-1) gbmt.Rd:30: Lost braces in \itemize; \value handles \item{}{} directly checkRd: (-1) gbmt.Rd:31: Lost braces in \itemize; \value handles \item{}{} directly checkRd: (-1) gbmt.Rd:32: Lost braces in \itemize; \value handles \item{}{} directly checkRd: (-1) gbmt.Rd:33: Lost braces in \itemize; \value handles \item{}{} directly checkRd: (-1) gbmt.Rd:34: Lost braces in \itemize; \value handles \item{}{} directly checkRd: (-1) gbmt.Rd:35: Lost braces in \itemize; \value handles \item{}{} directly checkRd: (-1) gbmt.Rd:36: Lost braces in \itemize; \value handles \item{}{} directly checkRd: (-1) gbmt.Rd:37: Lost braces in \itemize; \value handles \item{}{} directly checkRd: (-1) gbmt.Rd:38: Lost braces in \itemize; \value handles \item{}{} directly checkRd: (-1) gbmt.Rd:39: Lost braces in \itemize; \value handles \item{}{} directly checkRd: (-1) gbmt.Rd:40: Lost braces in \itemize; \value handles \item{}{} directly Flavors: r-devel-linux-x86_64-debian-clang, r-devel-linux-x86_64-debian-gcc, r-devel-linux-x86_64-fedora-clang, r-devel-linux-x86_64-fedora-gcc, r-devel-windows-x86_64, r-patched-linux-x86_64, r-release-linux-x86_64, r-release-macos-arm64, r-release-macos-x86_64, r-release-windows-x86_64