CRAN Package Check Results for Package gatepoints

Last updated on 2022-10-01 07:55:02 CEST.

Flavor Version Tinstall Tcheck Ttotal Status Flags
r-devel-linux-x86_64-debian-clang 0.1.4 2.20 25.83 28.03 NOTE
r-devel-linux-x86_64-debian-gcc 0.1.4 1.59 20.27 21.86 NOTE
r-devel-linux-x86_64-fedora-clang 0.1.4 47.51 NOTE
r-devel-linux-x86_64-fedora-gcc 0.1.4 47.22 NOTE
r-devel-windows-x86_64 0.1.4 13.00 56.00 69.00 NOTE
r-patched-linux-x86_64 0.1.4 1.74 25.58 27.32 NOTE
r-release-linux-x86_64 0.1.4 2.07 25.14 27.21 NOTE
r-release-macos-arm64 0.1.4 16.00 NOTE
r-release-macos-x86_64 0.1.4 23.00 NOTE
r-release-windows-x86_64 0.1.4 12.00 54.00 66.00 NOTE
r-oldrel-macos-arm64 0.1.4 20.00 NOTE
r-oldrel-macos-x86_64 0.1.4 31.00 NOTE
r-oldrel-windows-ix86+x86_64 0.1.4 5.00 50.00 55.00 NOTE

Check Details

Version: 0.1.4
Check: LazyData
Result: NOTE
     'LazyData' is specified without a 'data' directory
Flavors: r-devel-linux-x86_64-debian-clang, r-devel-linux-x86_64-debian-gcc, r-devel-linux-x86_64-fedora-clang, r-devel-linux-x86_64-fedora-gcc, r-devel-windows-x86_64, r-patched-linux-x86_64, r-release-linux-x86_64, r-release-macos-arm64, r-release-macos-x86_64, r-release-windows-x86_64, r-oldrel-macos-arm64, r-oldrel-macos-x86_64, r-oldrel-windows-ix86+x86_64