Last updated on 2023-01-31 07:54:12 CET.
Flavor | Version | Tinstall | Tcheck | Ttotal | Status | Flags |
---|---|---|---|---|---|---|
r-devel-linux-x86_64-debian-clang | 0.5.5 | 440.21 | 182.07 | 622.28 | NOTE | |
r-devel-linux-x86_64-debian-gcc | 0.5.5 | 418.01 | 156.54 | 574.55 | NOTE | |
r-devel-linux-x86_64-fedora-clang | 0.5.5 | 800.64 | NOTE | |||
r-devel-linux-x86_64-fedora-gcc | 0.5.5 | 1009.47 | NOTE | |||
r-devel-windows-x86_64 | 0.5.5 | 1411.00 | 251.00 | 1662.00 | NOTE | |
r-patched-linux-x86_64 | 0.5.5 | 426.78 | 199.46 | 626.24 | NOTE | |
r-release-linux-x86_64 | 0.5.5 | 438.97 | 203.65 | 642.62 | NOTE | |
r-release-macos-arm64 | 0.5.5 | 208.00 | NOTE | |||
r-release-macos-x86_64 | 0.5.5 | 311.00 | NOTE | |||
r-release-windows-x86_64 | 0.5.5 | 929.00 | 251.00 | 1180.00 | NOTE | |
r-oldrel-macos-arm64 | 0.5.5 | 219.00 | NOTE | |||
r-oldrel-macos-x86_64 | 0.5.5 | 293.00 | NOTE | |||
r-oldrel-windows-ix86+x86_64 | 0.5.5 | 525.00 | 204.00 | 729.00 | NOTE |
Version: 0.5.5
Check: for GNU extensions in Makefiles
Result: NOTE
GNU make is a SystemRequirements.
Flavors: r-devel-linux-x86_64-debian-clang, r-devel-linux-x86_64-debian-gcc, r-devel-linux-x86_64-fedora-clang, r-devel-linux-x86_64-fedora-gcc, r-devel-windows-x86_64, r-patched-linux-x86_64, r-release-linux-x86_64, r-release-macos-arm64, r-release-macos-x86_64, r-release-windows-x86_64, r-oldrel-macos-arm64, r-oldrel-macos-x86_64, r-oldrel-windows-ix86+x86_64
Version: 0.5.5
Check: C++ specification
Result: NOTE
Specified C++14: please update to current default of C++17
Flavors: r-devel-linux-x86_64-debian-gcc, r-devel-linux-x86_64-fedora-clang, r-devel-linux-x86_64-fedora-gcc, r-devel-windows-x86_64
Version: 0.5.5
Check: installed package size
Result: NOTE
installed size is 5.5Mb
sub-directories of 1Mb or more:
libs 5.0Mb
Flavors: r-devel-linux-x86_64-fedora-clang, r-release-macos-arm64, r-release-macos-x86_64, r-oldrel-macos-arm64, r-oldrel-macos-x86_64