Last updated on 2023-11-30 07:52:35 CET.
Flavor | Version | Tinstall | Tcheck | Ttotal | Status | Flags |
---|---|---|---|---|---|---|
r-devel-linux-x86_64-debian-clang | 0.5.5 | 543.80 | 266.24 | 810.04 | NOTE | |
r-devel-linux-x86_64-debian-gcc | 0.5.5 | 443.27 | 222.49 | 665.76 | NOTE | |
r-devel-linux-x86_64-fedora-clang | 0.5.5 | 1026.22 | NOTE | |||
r-devel-linux-x86_64-fedora-gcc | 0.5.5 | 1234.00 | NOTE | |||
r-devel-windows-x86_64 | 0.5.5 | 385.00 | 206.00 | 591.00 | NOTE | |
r-patched-linux-x86_64 | 0.5.5 | 384.48 | 285.97 | 670.45 | NOTE | |
r-release-linux-x86_64 | 0.5.5 | 395.48 | 287.86 | 683.34 | NOTE | |
r-release-macos-arm64 | 0.5.5 | 262.00 | NOTE | |||
r-release-macos-x86_64 | 0.5.5 | 374.00 | NOTE | |||
r-release-windows-x86_64 | 0.5.5 | 515.00 | 250.00 | 765.00 | NOTE | |
r-oldrel-macos-arm64 | 0.5.5 | 208.00 | NOTE | |||
r-oldrel-macos-x86_64 | 0.5.5 | 311.00 | NOTE | |||
r-oldrel-windows-x86_64 | 0.5.5 | 496.00 | 241.00 | 737.00 | NOTE |
Version: 0.5.5
Check: Rd files
Result: NOTE
checkRd: (-1) simulate_gastempt.Rd:30: Lost braces; missing escapes or markup?
30 | \item{tempt_mean, tempt_std}{Mean and between record standard deviation of parameter $t_{empt}$, typically in minutes.}
| ^
Flavors: r-devel-linux-x86_64-debian-clang, r-devel-linux-x86_64-debian-gcc
Version: 0.5.5
Check: for GNU extensions in Makefiles
Result: NOTE
GNU make is a SystemRequirements.
Flavors: r-devel-linux-x86_64-debian-clang, r-devel-linux-x86_64-debian-gcc, r-devel-linux-x86_64-fedora-clang, r-devel-linux-x86_64-fedora-gcc, r-devel-windows-x86_64, r-patched-linux-x86_64, r-release-linux-x86_64, r-release-macos-arm64, r-release-macos-x86_64, r-release-windows-x86_64, r-oldrel-macos-arm64, r-oldrel-macos-x86_64, r-oldrel-windows-x86_64
Version: 0.5.5
Check: installed package size
Result: NOTE
installed size is 5.6Mb
sub-directories of 1Mb or more:
libs 5.1Mb
Flavors: r-devel-linux-x86_64-fedora-clang, r-release-macos-arm64, r-release-macos-x86_64, r-oldrel-macos-arm64, r-oldrel-macos-x86_64