Last updated on 2023-01-30 09:54:12 CET.
Flavor | Version | Tinstall | Tcheck | Ttotal | Status | Flags |
---|---|---|---|---|---|---|
r-devel-linux-x86_64-debian-clang | 1.0.11 | 176.04 | 61.76 | 237.80 | OK | |
r-devel-linux-x86_64-debian-gcc | 1.0.11 | 124.30 | 47.21 | 171.51 | NOTE | |
r-devel-linux-x86_64-fedora-clang | 1.0.11 | 354.47 | NOTE | |||
r-devel-linux-x86_64-fedora-gcc | 1.0.11 | 323.21 | NOTE | |||
r-devel-windows-x86_64 | 1.0.11 | 159.00 | 119.00 | 278.00 | NOTE | |
r-patched-linux-x86_64 | 1.0.11 | 132.74 | 62.10 | 194.84 | OK | |
r-release-linux-x86_64 | 1.0.11 | 137.19 | 62.72 | 199.91 | OK | |
r-release-macos-arm64 | 1.0.11 | 72.00 | OK | |||
r-release-macos-x86_64 | 1.0.11 | 97.00 | OK | |||
r-release-windows-x86_64 | 1.0.11 | 140.00 | 117.00 | 257.00 | OK | |
r-oldrel-macos-arm64 | 1.0.11 | 87.00 | OK | |||
r-oldrel-macos-x86_64 | 1.0.11 | 99.00 | OK | |||
r-oldrel-windows-ix86+x86_64 | 1.0.11 | 387.00 | 146.00 | 533.00 | OK |
Version: 1.0.11
Check: C++ specification
Result: NOTE
Specified C++11: please update to current default of C++17
Flavors: r-devel-linux-x86_64-debian-gcc, r-devel-linux-x86_64-fedora-clang, r-devel-linux-x86_64-fedora-gcc, r-devel-windows-x86_64