Last updated on 2023-09-21 07:54:53 CEST.
Flavor | Version | Tinstall | Tcheck | Ttotal | Status | Flags |
---|---|---|---|---|---|---|
r-devel-linux-x86_64-debian-clang | 0.9.6-1 | 31.03 | 162.06 | 193.09 | OK | |
r-devel-linux-x86_64-debian-gcc | 0.9.6-1 | 22.98 | 118.12 | 141.10 | OK | |
r-devel-linux-x86_64-fedora-clang | 0.9.6-1 | 248.07 | OK | |||
r-devel-linux-x86_64-fedora-gcc | 0.9.6-1 | 232.81 | OK | |||
r-devel-windows-x86_64 | 0.9.6-1 | 29.00 | 148.00 | 177.00 | OK | |
r-patched-linux-x86_64 | 0.9.6-1 | 28.59 | 149.98 | 178.57 | OK | |
r-release-linux-x86_64 | 0.9.6-1 | 31.37 | 151.14 | 182.51 | OK | |
r-release-macos-arm64 | 0.9.6-1 | 70.00 | NOTE | |||
r-release-macos-x86_64 | 0.9.6-1 | 112.00 | NOTE | |||
r-release-windows-x86_64 | 0.9.6-1 | 35.00 | 178.00 | 213.00 | OK | |
r-oldrel-macos-arm64 | 0.9.6-1 | 69.00 | NOTE | |||
r-oldrel-macos-x86_64 | 0.9.6-1 | 130.00 | NOTE | |||
r-oldrel-windows-x86_64 | 0.9.6-1 | 33.00 | 168.00 | 201.00 | OK |
Version: 0.9.6-1
Check: package dependencies
Result: NOTE
Package which this enhances but not available for checking: ‘doMPI’
Flavors: r-release-macos-arm64, r-release-macos-x86_64, r-oldrel-macos-arm64, r-oldrel-macos-x86_64