CRAN Package Check Results for Package gap

Last updated on 2024-03-02 06:51:54 CET.

Flavor Version Tinstall Tcheck Ttotal Status Flags
r-devel-linux-x86_64-debian-clang 1.5-3 27.31 270.69 298.00 OK
r-devel-linux-x86_64-debian-gcc 1.5-3 24.20 199.79 223.99 OK
r-devel-linux-x86_64-fedora-clang 1.5-3 368.39 NOTE
r-devel-linux-x86_64-fedora-gcc 1.5-3 374.29 OK
r-devel-windows-x86_64 1.5-3 33.00 346.00 379.00 NOTE
r-patched-linux-x86_64 1.5-3 33.51 262.85 296.36 OK
r-release-linux-x86_64 1.5-3 27.43 266.24 293.67 OK
r-release-macos-arm64 1.5-3 126.00 NOTE
r-release-macos-x86_64 1.5-3 235.00 NOTE
r-release-windows-x86_64 1.5-3 42.00 399.00 441.00 NOTE
r-oldrel-macos-arm64 1.5-3 128.00 NOTE
r-oldrel-windows-x86_64 1.5-3 40.00 387.00 427.00 ERROR

Check Details

Version: 1.5-3
Check: installed package size
Result: NOTE installed size is 11.3Mb sub-directories of 1Mb or more: doc 7.9Mb libs 2.3Mb Flavors: r-devel-linux-x86_64-fedora-clang, r-devel-windows-x86_64, r-release-macos-arm64, r-release-macos-x86_64, r-release-windows-x86_64, r-oldrel-macos-arm64, r-oldrel-windows-x86_64

Version: 1.5-3
Check: Rd cross-references
Result: NOTE Undeclared package ‘car’ in Rd xrefs Flavor: r-devel-linux-x86_64-fedora-clang

Version: 1.5-3
Check: re-building of vignette outputs
Result: ERROR Error(s) in re-building vignettes: --- re-building 'gap.Rmd' using rmarkdown Read 16 records Read 9 records Read 12 records CiteprocParseError: No citation element present Error: processing vignette 'gap.Rmd' failed with diagnostics: pandoc document conversion failed with error 4 --- failed re-building 'gap.Rmd' --- re-building 'shinygap.Rmd' using rmarkdown CiteprocParseError: No citation element present Error: processing vignette 'shinygap.Rmd' failed with diagnostics: pandoc document conversion failed with error 4 --- failed re-building 'shinygap.Rmd' --- re-building 'jss.Rnw' using Sweave --- finished re-building 'jss.Rnw' SUMMARY: processing the following files failed: 'gap.Rmd' 'shinygap.Rmd' Error: Vignette re-building failed. Execution halted Flavor: r-oldrel-windows-x86_64