CRAN Package Check Results for Package ganGenerativeData

Last updated on 2023-02-04 08:01:16 CET.

Flavor Version Tinstall Tcheck Ttotal Status Flags
r-devel-linux-x86_64-debian-clang 1.3.3 72.04 73.57 145.61 NOTE
r-devel-linux-x86_64-debian-gcc 1.3.3 61.98 55.20 117.18 NOTE
r-devel-linux-x86_64-fedora-clang 1.3.3 201.26 NOTE
r-devel-linux-x86_64-fedora-gcc 1.3.3 207.66 NOTE
r-devel-windows-x86_64 1.3.3 138.00 124.00 262.00 NOTE
r-patched-linux-x86_64 1.3.3 64.08 70.81 134.89 OK
r-release-linux-x86_64 1.3.3 69.23 70.73 139.96 OK
r-release-macos-arm64 1.3.3 50.00 OK
r-release-macos-x86_64 1.3.3 69.00 OK
r-release-windows-x86_64 1.3.3 129.00 133.00 262.00 OK
r-oldrel-macos-arm64 1.3.3 47.00 OK
r-oldrel-macos-x86_64 1.3.3 69.00 OK
r-oldrel-windows-ix86+x86_64 1.3.3 139.00 144.00 283.00 OK

Check Details

Version: 1.3.3
Check: C++ specification
Result: NOTE
     Specified C++11: please update to current default of C++17
Flavors: r-devel-linux-x86_64-debian-clang, r-devel-linux-x86_64-debian-gcc, r-devel-linux-x86_64-fedora-clang, r-devel-linux-x86_64-fedora-gcc, r-devel-windows-x86_64