CRAN Package Check Results for Package gamselBayes

Last updated on 2023-01-27 07:50:33 CET.

Flavor Version Tinstall Tcheck Ttotal Status Flags
r-devel-linux-x86_64-debian-clang 1.0-2 161.23 53.77 215.00 OK
r-devel-linux-x86_64-debian-gcc 1.0-2 120.90 41.38 162.28 OK
r-devel-linux-x86_64-fedora-clang 1.0-2 325.53 NOTE
r-devel-linux-x86_64-fedora-gcc 1.0-2 298.78 NOTE
r-devel-windows-x86_64 1.0-2 144.00 108.00 252.00 OK
r-patched-linux-x86_64 1.0-2 136.94 53.04 189.98 OK
r-release-linux-x86_64 1.0-2 127.48 52.86 180.34 OK
r-release-macos-arm64 1.0-2 65.00 NOTE
r-release-macos-x86_64 1.0-2 87.00 NOTE
r-release-windows-x86_64 1.0-2 133.00 118.00 251.00 OK
r-oldrel-macos-arm64 1.0-2 58.00 NOTE
r-oldrel-macos-x86_64 1.0-2 90.00 NOTE
r-oldrel-windows-ix86+x86_64 1.0-2 378.00 107.00 485.00 OK

Check Details

Version: 1.0-2
Check: dependencies in R code
Result: NOTE
    Namespace in Imports field not imported from: ‘methods’
     All declared Imports should be used.
Flavors: r-devel-linux-x86_64-fedora-clang, r-devel-linux-x86_64-fedora-gcc, r-release-macos-arm64, r-release-macos-x86_64, r-oldrel-macos-arm64, r-oldrel-macos-x86_64

Version: 1.0-2
Check: installed package size
Result: NOTE
     installed size is 8.1Mb
     sub-directories of 1Mb or more:
     doc 2.3Mb
     libs 5.6Mb
Flavors: r-release-macos-arm64, r-release-macos-x86_64, r-oldrel-macos-arm64, r-oldrel-macos-x86_64