Last updated on 2023-09-21 07:54:53 CEST.
Flavor | Version | Tinstall | Tcheck | Ttotal | Status | Flags |
---|---|---|---|---|---|---|
r-devel-linux-x86_64-debian-clang | 1.0.4 | 10.93 | 136.89 | 147.82 | OK | |
r-devel-linux-x86_64-debian-gcc | 1.0.4 | 8.88 | 97.54 | 106.42 | OK | |
r-devel-linux-x86_64-fedora-clang | 1.0.4 | 182.40 | NOTE | |||
r-devel-linux-x86_64-fedora-gcc | 1.0.4 | 181.92 | OK | |||
r-devel-windows-x86_64 | 1.0.4 | 13.00 | 158.00 | 171.00 | OK | |
r-patched-linux-x86_64 | 1.0.4 | 13.24 | 125.77 | 139.01 | OK | |
r-release-linux-x86_64 | 1.0.4 | 11.58 | 129.29 | 140.87 | OK | |
r-release-macos-arm64 | 1.0.4 | 55.00 | OK | |||
r-release-macos-x86_64 | 1.0.4 | 127.00 | OK | |||
r-release-windows-x86_64 | 1.0.4 | 15.00 | 197.00 | 212.00 | OK | |
r-oldrel-macos-arm64 | 1.0.4 | 55.00 | OK | |||
r-oldrel-macos-x86_64 | 1.0.4 | 77.00 | OK | |||
r-oldrel-windows-x86_64 | 1.0.4 | 15.00 | 204.00 | 219.00 | OK |
Version: 1.0.4
Check: Rd cross-references
Result: NOTE
Undeclared package ‘hyperSpec’ in Rd xrefs
Flavor: r-devel-linux-x86_64-fedora-clang