Last updated on 2023-01-30 09:54:12 CET.
Flavor | Version | Tinstall | Tcheck | Ttotal | Status | Flags |
---|---|---|---|---|---|---|
r-devel-linux-x86_64-debian-clang | 1.0.3 | 10.53 | 140.07 | 150.60 | OK | |
r-devel-linux-x86_64-debian-gcc | 1.0.3 | 8.53 | 99.81 | 108.34 | OK | |
r-devel-linux-x86_64-fedora-clang | 1.0.3 | 180.00 | NOTE | |||
r-devel-linux-x86_64-fedora-gcc | 1.0.3 | 208.11 | OK | |||
r-devel-windows-x86_64 | 1.0.3 | 108.00 | 241.00 | 349.00 | OK | |
r-patched-linux-x86_64 | 1.0.3 | 12.07 | 131.62 | 143.69 | OK | |
r-release-linux-x86_64 | 1.0.3 | 9.01 | 127.34 | 136.35 | OK | |
r-release-macos-arm64 | 1.0.3 | 58.00 | OK | |||
r-release-macos-x86_64 | 1.0.3 | 76.00 | OK | |||
r-release-windows-x86_64 | 1.0.3 | 99.00 | 248.00 | 347.00 | OK | |
r-oldrel-macos-arm64 | 1.0.3 | 50.00 | OK | |||
r-oldrel-macos-x86_64 | 1.0.3 | 75.00 | OK | |||
r-oldrel-windows-ix86+x86_64 | 1.0.3 | 25.00 | 178.00 | 203.00 | OK |
Version: 1.0.3
Check: Rd cross-references
Result: NOTE
Undeclared package ‘hyperSpec’ in Rd xrefs
Flavor: r-devel-linux-x86_64-fedora-clang