Last updated on 2023-01-30 09:54:12 CET.
Flavor | Version | Tinstall | Tcheck | Ttotal | Status | Flags |
---|---|---|---|---|---|---|
r-devel-linux-x86_64-debian-clang | 1.1.3.7 | 4.95 | 44.40 | 49.35 | NOTE | |
r-devel-linux-x86_64-debian-gcc | 1.1.3.7 | 4.36 | 35.52 | 39.88 | NOTE | |
r-devel-linux-x86_64-fedora-clang | 1.1.3.7 | 62.07 | NOTE | |||
r-devel-linux-x86_64-fedora-gcc | 1.1.3.7 | 61.70 | NOTE | |||
r-devel-windows-x86_64 | 1.1.3.7 | 21.00 | 80.00 | 101.00 | NOTE | |
r-patched-linux-x86_64 | 1.1.3.7 | 5.27 | 46.00 | 51.27 | NOTE | |
r-release-linux-x86_64 | 1.1.3.7 | 5.07 | 47.14 | 52.21 | NOTE | |
r-release-macos-arm64 | 1.1.3.7 | 23.00 | NOTE | |||
r-release-macos-x86_64 | 1.1.3.7 | 42.00 | NOTE | |||
r-release-windows-x86_64 | 1.1.3.7 | 14.00 | 83.00 | 97.00 | NOTE | |
r-oldrel-macos-arm64 | 1.1.3.7 | 29.00 | NOTE | |||
r-oldrel-macos-x86_64 | 1.1.3.7 | 42.00 | NOTE | |||
r-oldrel-windows-ix86+x86_64 | 1.1.3.7 | 16.00 | 96.00 | 112.00 | NOTE |
Version: 1.1.3.7
Check: LazyData
Result: NOTE
'LazyData' is specified without a 'data' directory
Flavors: r-devel-linux-x86_64-debian-clang, r-devel-linux-x86_64-debian-gcc, r-devel-linux-x86_64-fedora-clang, r-devel-linux-x86_64-fedora-gcc, r-devel-windows-x86_64, r-patched-linux-x86_64, r-release-linux-x86_64, r-release-macos-arm64, r-release-macos-x86_64, r-release-windows-x86_64, r-oldrel-macos-arm64, r-oldrel-macos-x86_64, r-oldrel-windows-ix86+x86_64
Version: 1.1.3.7
Check: dependencies in R code
Result: NOTE
Namespace in Imports field not imported from: ‘grDevices’
All declared Imports should be used.
Flavors: r-devel-linux-x86_64-fedora-clang, r-devel-linux-x86_64-fedora-gcc, r-release-macos-arm64, r-release-macos-x86_64, r-oldrel-macos-arm64, r-oldrel-macos-x86_64