CRAN Package Check Results for Package gRc

Last updated on 2023-02-08 07:54:32 CET.

Flavor Version Tinstall Tcheck Ttotal Status Flags
r-devel-linux-x86_64-debian-clang 0.4.4 43.93 112.62 156.55 WARN
r-devel-linux-x86_64-debian-gcc 0.4.4 35.31 85.17 120.48 WARN
r-devel-linux-x86_64-fedora-clang 0.4.4 195.20 WARN
r-devel-linux-x86_64-fedora-gcc 0.4.4 190.85 WARN
r-devel-windows-x86_64 0.4.4 60.00 153.00 213.00 OK
r-patched-linux-x86_64 0.4.4 36.31 109.43 145.74 OK
r-release-linux-x86_64 0.4.4 37.16 106.48 143.64 OK
r-release-macos-arm64 0.4.4 47.00 OK
r-release-macos-x86_64 0.4.4 69.00 OK
r-release-windows-x86_64 0.4.4 56.00 163.00 219.00 OK
r-oldrel-macos-arm64 0.4.4 66.00 OK
r-oldrel-macos-x86_64 0.4.4 102.00 OK
r-oldrel-windows-ix86+x86_64 0.4.4 97.00 181.00 278.00 OK

Check Details

Version: 0.4.4
Check: whether package can be installed
Result: WARN
    Found the following significant warnings:
     init.c:11:46: warning: a function declaration without a prototype is deprecated in all versions of C [-Wstrict-prototypes]
    See ‘/home/hornik/tmp/R.check/r-devel-clang/Work/PKGS/gRc.Rcheck/00install.out’ for details.
    * used C compiler: ‘Debian clang version 15.0.6’
    * used C++ compiler: ‘Debian clang version 15.0.6’
Flavor: r-devel-linux-x86_64-debian-clang

Version: 0.4.4
Check: whether package can be installed
Result: WARN
    Found the following significant warnings:
     init.c:11:1: warning: function declaration isn’t a prototype [-Wstrict-prototypes]
    See ‘/home/hornik/tmp/R.check/r-devel-gcc/Work/PKGS/gRc.Rcheck/00install.out’ for details.
    * used C compiler: ‘gcc-12 (Debian 12.2.0-14) 12.2.0’
    * used C++ compiler: ‘g++-12 (Debian 12.2.0-14) 12.2.0’
Flavor: r-devel-linux-x86_64-debian-gcc

Version: 0.4.4
Check: whether package can be installed
Result: WARN
    Found the following significant warnings:
     init.c:11:46: warning: a function declaration without a prototype is deprecated in all versions of C [-Wstrict-prototypes]
    See ‘/data/gannet/ripley/R/packages/tests-clang/gRc.Rcheck/00install.out’ for details.
    * used C compiler: ‘clang version 15.0.7’
    * used C++ compiler: ‘clang version 15.0.7’
Flavor: r-devel-linux-x86_64-fedora-clang

Version: 0.4.4
Check: whether package can be installed
Result: WARN
    Found the following significant warnings:
     init.c:11:1: warning: function declaration isn’t a prototype [-Wstrict-prototypes]
    See ‘/data/gannet/ripley/R/packages/tests-devel/gRc.Rcheck/00install.out’ for details.
    * used C compiler: ‘gcc (GCC) 12.2.1 20221121 (Red Hat 12.2.1-4)’
    * used C++ compiler: ‘g++ (GCC) 12.2.1 20221121 (Red Hat 12.2.1-4)’
Flavor: r-devel-linux-x86_64-fedora-gcc