CRAN Package Check Results for Package g2f

Last updated on 2022-09-28 06:54:07 CEST.

Flavor Version Tinstall Tcheck Ttotal Status Flags
r-devel-linux-x86_64-debian-clang 0.2 22.69 186.21 208.90 NOTE
r-devel-linux-x86_64-debian-gcc 0.2 17.65 137.78 155.43 NOTE
r-devel-linux-x86_64-fedora-clang 0.2 263.77 NOTE
r-devel-linux-x86_64-fedora-gcc 0.2 269.22 NOTE
r-devel-windows-x86_64 0.2 21.00 188.00 209.00 NOTE
r-patched-linux-x86_64 0.2 18.35 173.02 191.37 NOTE
r-release-linux-x86_64 0.2 24.44 177.34 201.78 NOTE
r-release-macos-arm64 0.2 65.00 NOTE
r-release-macos-x86_64 0.2 88.00 NOTE
r-release-windows-x86_64 0.2 21.00 191.00 212.00 NOTE
r-oldrel-macos-arm64 0.2 67.00 NOTE
r-oldrel-macos-x86_64 0.2 126.00 NOTE
r-oldrel-windows-ix86+x86_64 0.2 44.00 178.00 222.00 NOTE

Check Details

Version: 0.2
Check: LazyData
Result: NOTE
     'LazyData' is specified without a 'data' directory
Flavors: r-devel-linux-x86_64-debian-clang, r-devel-linux-x86_64-debian-gcc, r-devel-linux-x86_64-fedora-clang, r-devel-linux-x86_64-fedora-gcc, r-devel-windows-x86_64, r-patched-linux-x86_64, r-release-linux-x86_64, r-release-macos-arm64, r-release-macos-x86_64, r-release-windows-x86_64, r-oldrel-macos-arm64, r-oldrel-macos-x86_64, r-oldrel-windows-ix86+x86_64