CRAN Package Check Results for Package fuzzyforest

Last updated on 2023-02-03 06:50:17 CET.

Flavor Version Tinstall Tcheck Ttotal Status Flags
r-devel-linux-x86_64-debian-clang 1.0.8 6.76 220.16 226.92 OK
r-devel-linux-x86_64-debian-gcc 1.0.8 5.28 164.00 169.28 OK
r-devel-linux-x86_64-fedora-clang 1.0.8 273.45 OK
r-devel-linux-x86_64-fedora-gcc 1.0.8 264.55 OK
r-patched-linux-x86_64 1.0.8 6.30 204.21 210.51 OK
r-release-linux-x86_64 1.0.8 6.10 206.66 212.76 OK
r-release-macos-arm64 1.0.8 24.00 NOTE
r-release-macos-x86_64 1.0.8 51.00 NOTE
r-release-windows-x86_64 1.0.8 40.00 240.00 280.00 OK
r-oldrel-macos-arm64 1.0.8 30.00 NOTE
r-oldrel-macos-x86_64 1.0.8 49.00 NOTE
r-oldrel-windows-ix86+x86_64 1.0.8 54.00 223.00 277.00 OK

Check Details

Version: 1.0.8
Check: package dependencies
Result: NOTE
    Package suggested but not available for checking: ‘WGCNA’
Flavors: r-release-macos-arm64, r-release-macos-x86_64, r-oldrel-macos-arm64, r-oldrel-macos-x86_64