Last updated on 2023-09-28 08:01:49 CEST.
Flavor | Version | Tinstall | Tcheck | Ttotal | Status | Flags |
---|---|---|---|---|---|---|
r-devel-linux-x86_64-debian-clang | 0.5.0 | 8.85 | 132.49 | 141.34 | OK | |
r-devel-linux-x86_64-debian-gcc | 0.5.0 | 7.86 | 97.78 | 105.64 | OK | |
r-devel-linux-x86_64-fedora-clang | 0.5.0 | 187.58 | NOTE | |||
r-devel-linux-x86_64-fedora-gcc | 0.5.0 | 188.91 | NOTE | |||
r-devel-windows-x86_64 | 0.5.0 | 9.00 | 112.00 | 121.00 | OK | |
r-patched-linux-x86_64 | 0.5.0 | 11.25 | 126.67 | 137.92 | OK | |
r-release-linux-x86_64 | 0.5.0 | 7.37 | 126.01 | 133.38 | OK | |
r-release-macos-arm64 | 0.5.0 | 58.00 | OK | |||
r-release-macos-x86_64 | 0.5.0 | 146.00 | OK | |||
r-release-windows-x86_64 | 0.5.0 | 13.00 | 141.00 | 154.00 | OK | |
r-oldrel-macos-arm64 | 0.5.0 | 57.00 | OK | |||
r-oldrel-macos-x86_64 | 0.5.0 | 76.00 | OK | |||
r-oldrel-windows-x86_64 | 0.5.0 | 14.00 | 144.00 | 158.00 | OK |
Version: 0.5.0
Check: data for non-ASCII characters
Result: NOTE
Note: found 36 marked UTF-8 strings
Flavors: r-devel-linux-x86_64-fedora-clang, r-devel-linux-x86_64-fedora-gcc