CRAN Package Check Results for Package funkyheatmap

Last updated on 2024-06-15 07:49:13 CEST.

Flavor Version Tinstall Tcheck Ttotal Status Flags
r-devel-linux-x86_64-debian-clang 0.5.0 10.06 136.37 146.43 OK
r-devel-linux-x86_64-debian-gcc 0.5.0 7.99 100.08 108.07 OK
r-devel-linux-x86_64-fedora-clang 0.5.0 189.95 NOTE
r-devel-linux-x86_64-fedora-gcc 0.5.0 182.23 NOTE
r-devel-windows-x86_64 0.5.0 10.00 112.00 122.00 OK
r-patched-linux-x86_64 0.5.0 15.21 130.81 146.02 OK
r-release-linux-x86_64 0.5.0 8.24 127.80 136.04 OK
r-release-macos-arm64 0.5.0 63.00 OK
r-release-macos-x86_64 0.5.0 150.00 OK
r-release-windows-x86_64 0.5.0 10.00 131.00 141.00 OK
r-oldrel-macos-arm64 0.5.0 58.00 OK
r-oldrel-macos-x86_64 0.5.0 146.00 OK
r-oldrel-windows-x86_64 0.5.0 12.00 136.00 148.00 OK

Check Details

Version: 0.5.0
Check: data for non-ASCII characters
Result: NOTE Note: found 36 marked UTF-8 strings Flavors: r-devel-linux-x86_64-fedora-clang, r-devel-linux-x86_64-fedora-gcc