Last updated on 2023-03-28 07:53:02 CEST.
Flavor | Version | Tinstall | Tcheck | Ttotal | Status | Flags |
---|---|---|---|---|---|---|
r-devel-linux-x86_64-debian-clang | 1.0.0 | 2.53 | 29.64 | 32.17 | NOTE | |
r-devel-linux-x86_64-debian-gcc | 1.0.0 | 2.35 | 23.30 | 25.65 | NOTE | |
r-devel-linux-x86_64-fedora-clang | 1.0.0 | 41.89 | NOTE | |||
r-devel-linux-x86_64-fedora-gcc | 1.0.0 | 39.07 | NOTE | |||
r-patched-linux-x86_64 | 1.0.0 | 3.04 | 29.49 | 32.53 | NOTE | |
r-release-linux-x86_64 | 1.0.0 | 2.77 | 29.33 | 32.10 | NOTE | |
r-release-macos-arm64 | 1.0.0 | 17.00 | NOTE | |||
r-release-macos-x86_64 | 1.0.0 | 25.00 | NOTE | |||
r-release-windows-x86_64 | 1.0.0 | 13.00 | 63.00 | 76.00 | NOTE | |
r-oldrel-macos-arm64 | 1.0.0 | 19.00 | NOTE | |||
r-oldrel-macos-x86_64 | 1.0.0 | 32.00 | NOTE | |||
r-oldrel-windows-ix86+x86_64 | 1.0.0 | 7.00 | 54.00 | 61.00 | NOTE |
Version: 1.0.0
Check: Rd files
Result: NOTE
checkRd: (-1) Spec_compare_localize_freq.Rd:49: Escaped LaTeX specials: \&
checkRd: (-1) Spec_compare_localize_freq.Rd:52: Escaped LaTeX specials: \&
Flavors: r-devel-linux-x86_64-debian-clang, r-devel-linux-x86_64-debian-gcc, r-devel-linux-x86_64-fedora-clang, r-devel-linux-x86_64-fedora-gcc, r-patched-linux-x86_64
Version: 1.0.0
Check: LazyData
Result: NOTE
'LazyData' is specified without a 'data' directory
Flavors: r-devel-linux-x86_64-debian-clang, r-devel-linux-x86_64-debian-gcc, r-devel-linux-x86_64-fedora-clang, r-devel-linux-x86_64-fedora-gcc, r-patched-linux-x86_64, r-release-linux-x86_64, r-release-macos-arm64, r-release-macos-x86_64, r-release-windows-x86_64, r-oldrel-macos-arm64, r-oldrel-macos-x86_64, r-oldrel-windows-ix86+x86_64