Last updated on 2023-02-04 08:01:14 CET.
Flavor | Version | Tinstall | Tcheck | Ttotal | Status | Flags |
---|---|---|---|---|---|---|
r-devel-linux-x86_64-debian-clang | 6.1 | 32.30 | 298.71 | 331.01 | NOTE | |
r-devel-linux-x86_64-debian-gcc | 6.1 | 25.41 | 215.33 | 240.74 | NOTE | |
r-devel-linux-x86_64-fedora-clang | 6.1 | 415.27 | NOTE | |||
r-devel-linux-x86_64-fedora-gcc | 6.1 | 421.09 | NOTE | |||
r-devel-windows-x86_64 | 6.1 | 85.00 | 400.00 | 485.00 | NOTE | |
r-patched-linux-x86_64 | 6.1 | 37.41 | 282.11 | 319.52 | OK | |
r-release-linux-x86_64 | 6.1 | 28.82 | 280.81 | 309.63 | OK | |
r-release-macos-arm64 | 6.1 | 107.00 | OK | |||
r-release-macos-x86_64 | 6.1 | 177.00 | NOTE | |||
r-release-windows-x86_64 | 6.1 | 80.00 | 418.00 | 498.00 | OK | |
r-oldrel-macos-arm64 | 6.1 | 108.00 | OK | |||
r-oldrel-macos-x86_64 | 6.1 | 155.00 | OK | |||
r-oldrel-windows-ix86+x86_64 | 6.1 | 64.00 | 339.00 | 403.00 | OK |
Version: 6.1
Check: Rd files
Result: NOTE
checkRd: (-1) mean.fts.Rd:37: Escaped LaTeX specials: \&
checkRd: (-1) median.fts.Rd:41: Escaped LaTeX specials: \&
checkRd: (-1) plot.fm.Rd:38: Escaped LaTeX specials: \&
checkRd: (-1) residuals.fm.Rd:21: Escaped LaTeX specials: \&
checkRd: (-1) sd.fts.Rd:42: Escaped LaTeX specials: \&
checkRd: (-1) var.fts.Rd:38: Escaped LaTeX specials: \&
Flavors: r-devel-linux-x86_64-debian-clang, r-devel-linux-x86_64-debian-gcc, r-devel-linux-x86_64-fedora-clang, r-devel-linux-x86_64-fedora-gcc, r-devel-windows-x86_64
Version: 6.1
Check: package dependencies
Result: NOTE
Package suggested but not available for checking: ‘R2jags’
Flavor: r-release-macos-x86_64