Last updated on 2023-01-29 07:56:02 CET.
Flavor | Version | Tinstall | Tcheck | Ttotal | Status | Flags |
---|---|---|---|---|---|---|
r-devel-linux-x86_64-debian-clang | 0.4.4 | 13.99 | 162.24 | 176.23 | OK | |
r-devel-linux-x86_64-debian-gcc | 0.4.4 | 10.95 | 120.99 | 131.94 | OK | |
r-devel-linux-x86_64-fedora-clang | 0.4.4 | 208.41 | NOTE | |||
r-devel-linux-x86_64-fedora-gcc | 0.4.4 | 207.99 | OK | |||
r-devel-windows-x86_64 | 0.4.4 | 72.00 | 202.00 | 274.00 | OK | |
r-patched-linux-x86_64 | 0.4.4 | 10.25 | 136.04 | 146.29 | OK | |
r-release-linux-x86_64 | 0.4.4 | 9.70 | 138.48 | 148.18 | OK | |
r-release-macos-arm64 | 0.4.4 | 46.00 | OK | |||
r-release-macos-x86_64 | 0.4.4 | 83.00 | OK | |||
r-release-windows-x86_64 | 0.4.4 | 47.00 | 175.00 | 222.00 | OK | |
r-oldrel-macos-arm64 | 0.4.4 | 54.00 | OK | |||
r-oldrel-macos-x86_64 | 0.4.4 | 76.00 | OK | |||
r-oldrel-windows-ix86+x86_64 | 0.4.4 | 29.00 | 173.00 | 202.00 | OK |
Version: 0.4.4
Check: Rd cross-references
Result: NOTE
Undeclared package ‘chillR’ in Rd xrefs
Flavor: r-devel-linux-x86_64-fedora-clang