CRAN Package Check Results for Package frostr

Last updated on 2024-03-02 06:51:53 CET.

Flavor Version Tinstall Tcheck Ttotal Status Flags
r-devel-linux-x86_64-debian-clang 0.2.0 4.17 42.17 46.34 NOTE
r-devel-linux-x86_64-debian-gcc 0.2.0 4.46 33.17 37.63 NOTE
r-devel-linux-x86_64-fedora-clang 0.2.0 64.78 NOTE
r-devel-linux-x86_64-fedora-gcc 0.2.0 57.12 NOTE
r-devel-windows-x86_64 0.2.0 5.00 53.00 58.00 NOTE
r-patched-linux-x86_64 0.2.0 4.25 41.07 45.32 NOTE
r-release-linux-x86_64 0.2.0 3.87 41.67 45.54 NOTE
r-release-macos-arm64 0.2.0 21.00 NOTE
r-release-macos-x86_64 0.2.0 30.00 NOTE
r-release-windows-x86_64 0.2.0 8.00 58.00 66.00 NOTE
r-oldrel-macos-arm64 0.2.0 18.00 NOTE
r-oldrel-windows-x86_64 0.2.0 7.00 61.00 68.00 NOTE

Check Details

Version: 0.2.0
Check: LazyData
Result: NOTE 'LazyData' is specified without a 'data' directory Flavors: r-devel-linux-x86_64-debian-clang, r-devel-linux-x86_64-debian-gcc, r-devel-linux-x86_64-fedora-clang, r-devel-linux-x86_64-fedora-gcc, r-devel-windows-x86_64, r-patched-linux-x86_64, r-release-linux-x86_64, r-release-macos-arm64, r-release-macos-x86_64, r-release-windows-x86_64, r-oldrel-macos-arm64, r-oldrel-windows-x86_64