Last updated on 2023-01-31 07:54:11 CET.
Flavor | Version | Tinstall | Tcheck | Ttotal | Status | Flags |
---|---|---|---|---|---|---|
r-devel-linux-x86_64-debian-clang | 0.2.1 | 369.69 | 54.46 | 424.15 | OK | |
r-devel-linux-x86_64-debian-gcc | 0.2.1 | 288.20 | 46.92 | 335.12 | OK | |
r-devel-linux-x86_64-fedora-clang | 0.2.1 | 591.44 | NOTE | |||
r-devel-linux-x86_64-fedora-gcc | 0.2.1 | 581.59 | OK | |||
r-devel-windows-x86_64 | 0.2.1 | 225.00 | 147.00 | 372.00 | OK | |
r-patched-linux-x86_64 | 0.2.1 | 270.94 | 55.46 | 326.40 | OK | |
r-release-linux-x86_64 | 0.2.1 | 276.53 | 56.53 | 333.06 | OK | |
r-release-macos-arm64 | 0.2.1 | 143.00 | NOTE | |||
r-release-macos-x86_64 | 0.2.1 | 217.00 | NOTE | |||
r-release-windows-x86_64 | 0.2.1 | 195.00 | 147.00 | 342.00 | OK | |
r-oldrel-macos-arm64 | 0.2.1 | 169.00 | NOTE | |||
r-oldrel-macos-x86_64 | 0.2.1 | 283.00 | NOTE | |||
r-oldrel-windows-ix86+x86_64 | 0.2.1 | 660.00 | 148.00 | 808.00 | NOTE |
Version: 0.2.1
Check: installed package size
Result: NOTE
installed size is 8.5Mb
sub-directories of 1Mb or more:
libs 8.1Mb
Flavors: r-devel-linux-x86_64-fedora-clang, r-release-macos-arm64, r-release-macos-x86_64, r-oldrel-macos-arm64, r-oldrel-macos-x86_64, r-oldrel-windows-ix86+x86_64