CRAN Package Check Results for Package fromo

Last updated on 2024-03-02 06:51:53 CET.

Flavor Version Tinstall Tcheck Ttotal Status Flags
r-devel-linux-x86_64-debian-clang 0.2.1 388.08 56.71 444.79 OK
r-devel-linux-x86_64-debian-gcc 0.2.1 304.35 49.55 353.90 OK
r-devel-linux-x86_64-fedora-clang 0.2.1 604.79 NOTE
r-devel-linux-x86_64-fedora-gcc 0.2.1 686.88 OK
r-devel-windows-x86_64 0.2.1 228.00 114.00 342.00 OK
r-patched-linux-x86_64 0.2.1 351.50 63.11 414.61 OK
r-release-linux-x86_64 0.2.1 353.14 62.65 415.79 OK
r-release-macos-arm64 0.2.1 162.00 NOTE
r-release-macos-x86_64 0.2.1 278.00 NOTE
r-release-windows-x86_64 0.2.1 219.00 129.00 348.00 OK
r-oldrel-macos-arm64 0.2.1 150.00 NOTE
r-oldrel-windows-x86_64 0.2.1 267.00 116.00 383.00 OK

Check Details

Version: 0.2.1
Check: installed package size
Result: NOTE installed size is 8.0Mb sub-directories of 1Mb or more: libs 7.5Mb Flavors: r-devel-linux-x86_64-fedora-clang, r-release-macos-arm64, r-release-macos-x86_64, r-oldrel-macos-arm64