Last updated on 2023-02-01 07:53:02 CET.
Flavor | Version | Tinstall | Tcheck | Ttotal | Status | Flags |
---|---|---|---|---|---|---|
r-devel-linux-x86_64-debian-clang | 1.1-0 | 25.42 | 233.51 | 258.93 | NOTE | |
r-devel-linux-x86_64-debian-gcc | 1.1-0 | 23.09 | 172.23 | 195.32 | NOTE | |
r-devel-linux-x86_64-fedora-clang | 1.1-0 | 338.50 | NOTE | |||
r-devel-linux-x86_64-fedora-gcc | 1.1-0 | 351.67 | NOTE | |||
r-devel-windows-x86_64 | 1.1-0 | 45.00 | 299.00 | 344.00 | NOTE | |
r-patched-linux-x86_64 | 1.1-0 | 24.85 | 247.29 | 272.14 | OK | |
r-release-linux-x86_64 | 1.1-0 | 23.93 | 258.42 | 282.35 | OK | |
r-release-macos-arm64 | 1.1-0 | 94.00 | OK | |||
r-release-macos-x86_64 | 1.1-0 | 127.00 | OK | |||
r-release-windows-x86_64 | 1.1-0 | 50.00 | 324.00 | 374.00 | OK | |
r-oldrel-macos-arm64 | 1.1-0 | 104.00 | OK | |||
r-oldrel-macos-x86_64 | 1.1-0 | 126.00 | OK | |||
r-oldrel-windows-ix86+x86_64 | 1.1-0 | 71.00 | 502.00 | 573.00 | OK |
Version: 1.1-0
Check: C++ specification
Result: NOTE
Specified C++11: please update to current default of C++17
Flavors: r-devel-linux-x86_64-debian-clang, r-devel-linux-x86_64-debian-gcc, r-devel-linux-x86_64-fedora-clang, r-devel-linux-x86_64-fedora-gcc, r-devel-windows-x86_64