Last updated on 2023-12-03 08:50:07 CET.
Flavor | Version | Tinstall | Tcheck | Ttotal | Status | Flags |
---|---|---|---|---|---|---|
r-devel-linux-x86_64-debian-clang | 1.1-1 | 32.69 | 230.78 | 263.47 | NOTE | |
r-devel-linux-x86_64-debian-gcc | 1.1-1 | 24.68 | 171.08 | 195.76 | NOTE | |
r-devel-linux-x86_64-fedora-clang | 1.1-1 | 332.13 | OK | |||
r-devel-linux-x86_64-fedora-gcc | 1.1-1 | 323.63 | OK | |||
r-devel-windows-x86_64 | 1.1-1 | 27.00 | 192.00 | 219.00 | OK | |
r-patched-linux-x86_64 | 1.1-1 | 30.84 | 231.24 | 262.08 | OK | |
r-release-linux-x86_64 | 1.1-1 | 25.72 | 242.22 | 267.94 | OK | |
r-release-macos-arm64 | 1.1-1 | 102.00 | OK | |||
r-release-macos-x86_64 | 1.1-1 | 172.00 | OK | |||
r-release-windows-x86_64 | 1.1-1 | 33.00 | 260.00 | 293.00 | OK | |
r-oldrel-macos-arm64 | 1.1-1 | 98.00 | OK | |||
r-oldrel-macos-x86_64 | 1.1-1 | 126.00 | OK | |||
r-oldrel-windows-x86_64 | 1.1-1 | 32.00 | 284.00 | 316.00 | OK |
Version: 1.1-1
Check: Rd files
Result: NOTE
checkRd: (-1) grade.Rd:57: Lost braces
57 | \code{freealg} object comprising terms of grade code{n}.
| ^
Flavors: r-devel-linux-x86_64-debian-clang, r-devel-linux-x86_64-debian-gcc