Last updated on 2023-01-27 07:50:32 CET.
Flavor | Version | Tinstall | Tcheck | Ttotal | Status | Flags |
---|---|---|---|---|---|---|
r-devel-linux-x86_64-debian-clang | 1.0.1 | 29.60 | 27.69 | 57.29 | OK | |
r-devel-linux-x86_64-debian-gcc | 1.0.1 | 23.73 | 21.97 | 45.70 | NOTE | |
r-devel-linux-x86_64-fedora-clang | 1.0.1 | 86.57 | OK | |||
r-devel-linux-x86_64-fedora-gcc | 1.0.1 | 79.92 | NOTE | |||
r-devel-windows-x86_64 | 1.0.1 | 32.00 | 71.00 | 103.00 | OK | |
r-patched-linux-x86_64 | 1.0.1 | 20.46 | 27.82 | 48.28 | OK | |
r-release-linux-x86_64 | 1.0.1 | 20.67 | 28.40 | 49.07 | OK | |
r-release-macos-arm64 | 1.0.1 | 26.00 | OK | |||
r-release-macos-x86_64 | 1.0.1 | 32.00 | OK | |||
r-release-windows-x86_64 | 1.0.1 | 35.00 | 79.00 | 114.00 | OK | |
r-oldrel-macos-arm64 | 1.0.1 | 25.00 | OK | |||
r-oldrel-macos-x86_64 | 1.0.1 | 32.00 | OK | |||
r-oldrel-windows-ix86+x86_64 | 1.0.1 | 75.00 | 78.00 | 153.00 | OK |
Version: 1.0.1
Check: C++ specification
Result: NOTE
Specified C++11: please update to current default of C++17
Flavors: r-devel-linux-x86_64-debian-gcc, r-devel-linux-x86_64-fedora-gcc