CRAN Package Check Results for Package frair

Last updated on 2023-01-26 07:53:51 CET.

Flavor Version Tinstall Tcheck Ttotal Status Flags
r-devel-linux-x86_64-debian-clang 0.5.100 13.76 109.32 123.08 NOTE
r-devel-linux-x86_64-debian-gcc 0.5.100 8.08 83.58 91.66 NOTE
r-devel-linux-x86_64-fedora-clang 0.5.100 186.29 NOTE
r-devel-linux-x86_64-fedora-gcc 0.5.100 188.17 NOTE
r-devel-windows-x86_64 0.5.100 19.00 130.00 149.00 NOTE
r-patched-linux-x86_64 0.5.100 10.76 106.41 117.17 OK
r-release-linux-x86_64 0.5.100 12.30 107.00 119.30 OK
r-release-macos-arm64 0.5.100 41.00 OK
r-release-macos-x86_64 0.5.100 64.00 OK
r-release-windows-x86_64 0.5.100 28.00 134.00 162.00 OK
r-oldrel-macos-arm64 0.5.100 49.00 OK
r-oldrel-macos-x86_64 0.5.100 88.00 OK
r-oldrel-windows-ix86+x86_64 0.5.100 23.00 124.00 147.00 OK

Check Details

Version: 0.5.100
Check: package subdirectories
Result: NOTE
    Problems with news in ‘NEWS.md’:
    No news entries found.
Flavors: r-devel-linux-x86_64-debian-clang, r-devel-linux-x86_64-debian-gcc, r-devel-linux-x86_64-fedora-clang, r-devel-linux-x86_64-fedora-gcc, r-devel-windows-x86_64