CRAN Package Check Results for Package fpop

Last updated on 2024-06-16 06:58:46 CEST.

Flavor Version Tinstall Tcheck Ttotal Status Flags
r-devel-linux-x86_64-debian-clang 2019.08.26 11.43 20.30 31.73 NOTE
r-devel-linux-x86_64-debian-gcc 2019.08.26 7.19 16.54 23.73 NOTE
r-devel-linux-x86_64-fedora-clang 2019.08.26 53.62 NOTE
r-devel-linux-x86_64-fedora-gcc 2019.08.26 39.94 NOTE
r-devel-windows-x86_64 2019.08.26 12.00 38.00 50.00 NOTE
r-patched-linux-x86_64 2019.08.26 8.09 20.32 28.41 NOTE
r-release-linux-x86_64 2019.08.26 9.04 20.46 29.50 NOTE
r-release-macos-arm64 2019.08.26 17.00 NOTE
r-release-macos-x86_64 2019.08.26 22.00 NOTE
r-release-windows-x86_64 2019.08.26 13.00 39.00 52.00 NOTE
r-oldrel-macos-arm64 2019.08.26 19.00 OK
r-oldrel-macos-x86_64 2019.08.26 26.00 OK
r-oldrel-windows-x86_64 2019.08.26 13.00 57.00 70.00 OK

Check Details

Version: 2019.08.26
Check: Rd files
Result: NOTE checkRd: (-1) Fpop.Rd:8: Lost braces; missing escapes or markup? 8 | sum_{i=1}^n (x_i-m_i)^2 + lambda * sum_{i=1}^{n-1} I(m_i != | ^ checkRd: (-1) Fpop.Rd:8: Lost braces; missing escapes or markup? 8 | sum_{i=1}^n (x_i-m_i)^2 + lambda * sum_{i=1}^{n-1} I(m_i != | ^ checkRd: (-1) Fpop.Rd:8: Lost braces; missing escapes or markup? 8 | sum_{i=1}^n (x_i-m_i)^2 + lambda * sum_{i=1}^{n-1} I(m_i != | ^ checkRd: (-1) Fpop.Rd:9: Lost braces; missing escapes or markup? 9 | m_{i+1}), where the indicator function I counts the number of | ^ Flavors: r-devel-linux-x86_64-debian-clang, r-devel-linux-x86_64-debian-gcc, r-devel-linux-x86_64-fedora-clang, r-devel-linux-x86_64-fedora-gcc, r-devel-windows-x86_64, r-patched-linux-x86_64, r-release-linux-x86_64, r-release-macos-arm64, r-release-macos-x86_64, r-release-windows-x86_64