Last updated on 2023-12-09 07:49:32 CET.
Flavor | Version | Tinstall | Tcheck | Ttotal | Status | Flags |
---|---|---|---|---|---|---|
r-devel-linux-x86_64-debian-clang | 0.2.4 | 89.80 | 82.53 | 172.33 | WARN | |
r-devel-linux-x86_64-debian-gcc | 0.2.4 | 66.81 | 53.54 | 120.35 | NOTE | |
r-devel-linux-x86_64-fedora-clang | 0.2.5 | 167.27 | OK | |||
r-devel-linux-x86_64-fedora-gcc | 0.2.5 | 142.43 | OK | |||
r-devel-windows-x86_64 | 0.2.5 | 61.00 | 118.00 | 179.00 | OK | |
r-patched-linux-x86_64 | 0.2.4 | 82.63 | 68.84 | 151.47 | NOTE | |
r-release-linux-x86_64 | 0.2.4 | 75.68 | 69.73 | 145.41 | NOTE | |
r-release-macos-arm64 | 0.2.4 | 63.00 | NOTE | |||
r-release-macos-x86_64 | 0.2.5 | 135.00 | OK | |||
r-release-windows-x86_64 | 0.2.4 | 94.00 | 114.00 | 208.00 | NOTE | |
r-oldrel-macos-arm64 | 0.2.4 | 58.00 | NOTE | |||
r-oldrel-macos-x86_64 | 0.2.4 | 71.00 | NOTE | |||
r-oldrel-windows-x86_64 | 0.2.4 | 89.00 | 147.00 | 236.00 | NOTE |
Version: 0.2.4
Check: whether package can be installed
Result: WARN
Found the following significant warnings:
RcppExports.cpp:47:18: warning: format string is not a string literal (potentially insecure) [-Wformat-security]
RcppExports.cpp:87:18: warning: format string is not a string literal (potentially insecure) [-Wformat-security]
RcppExports.cpp:127:18: warning: format string is not a string literal (potentially insecure) [-Wformat-security]
RcppExports.cpp:167:18: warning: format string is not a string literal (potentially insecure) [-Wformat-security]
RcppExports.cpp:207:18: warning: format string is not a string literal (potentially insecure) [-Wformat-security]
RcppExports.cpp:247:18: warning: format string is not a string literal (potentially insecure) [-Wformat-security]
RcppExports.cpp:287:18: warning: format string is not a string literal (potentially insecure) [-Wformat-security]
RcppExports.cpp:327:18: warning: format string is not a string literal (potentially insecure) [-Wformat-security]
See ‘/home/hornik/tmp/R.check/r-devel-clang/Work/PKGS/fourierin.Rcheck/00install.out’ for details.
* used C++ compiler: ‘Debian clang version 17.0.5 (1)’
Flavor: r-devel-linux-x86_64-debian-clang
Version: 0.2.4
Check: LazyData
Result: NOTE
'LazyData' is specified without a 'data' directory
Flavors: r-devel-linux-x86_64-debian-clang, r-devel-linux-x86_64-debian-gcc, r-patched-linux-x86_64, r-release-linux-x86_64, r-release-macos-arm64, r-release-windows-x86_64, r-oldrel-macos-arm64, r-oldrel-macos-x86_64, r-oldrel-windows-x86_64