Last updated on 2023-02-07 07:54:01 CET.
Flavor | Version | Tinstall | Tcheck | Ttotal | Status | Flags |
---|---|---|---|---|---|---|
r-devel-linux-x86_64-debian-clang | 1.1.0 | 36.38 | 29.89 | 66.27 | NOTE | |
r-devel-linux-x86_64-debian-gcc | 1.1.0 | 31.05 | 23.08 | 54.13 | NOTE | |
r-devel-linux-x86_64-fedora-clang | 1.1.0 | 97.98 | NOTE | |||
r-devel-linux-x86_64-fedora-gcc | 1.1.0 | 89.25 | NOTE | |||
r-devel-windows-x86_64 | 1.1.0 | 47.00 | 76.00 | 123.00 | NOTE | |
r-patched-linux-x86_64 | 1.1.0 | 33.75 | 28.68 | 62.43 | OK | |
r-release-linux-x86_64 | 1.1.0 | 32.52 | 28.72 | 61.24 | OK | |
r-release-macos-arm64 | 1.1.0 | 28.00 | OK | |||
r-release-macos-x86_64 | 1.1.0 | 35.00 | OK | |||
r-release-windows-x86_64 | 1.1.0 | 39.00 | 85.00 | 124.00 | OK | |
r-oldrel-macos-arm64 | 1.1.0 | 31.00 | OK | |||
r-oldrel-macos-x86_64 | 1.1.0 | 45.00 | OK | |||
r-oldrel-windows-ix86+x86_64 | 1.1.0 | 95.00 | 84.00 | 179.00 | OK |
Version: 1.1.0
Check: C++ specification
Result: NOTE
Specified C++11: please update to current default of C++17
Flavors: r-devel-linux-x86_64-debian-clang, r-devel-linux-x86_64-debian-gcc, r-devel-linux-x86_64-fedora-clang, r-devel-linux-x86_64-fedora-gcc, r-devel-windows-x86_64