Last updated on 2023-02-08 07:54:30 CET.
Flavor | Version | Tinstall | Tcheck | Ttotal | Status | Flags |
---|---|---|---|---|---|---|
r-devel-linux-x86_64-debian-clang | 0.1.1 | 8.15 | 287.65 | 295.80 | OK | |
r-devel-linux-x86_64-debian-gcc | 0.1.1 | 6.10 | 210.29 | 216.39 | OK | |
r-devel-linux-x86_64-fedora-clang | 0.1.1 | 362.22 | NOTE | |||
r-devel-linux-x86_64-fedora-gcc | 0.1.1 | 348.05 | NOTE | |||
r-devel-windows-x86_64 | 0.1.1 | 60.00 | 332.00 | 392.00 | OK | |
r-patched-linux-x86_64 | 0.1.1 | 8.50 | 264.59 | 273.09 | OK | |
r-release-linux-x86_64 | 0.1.1 | 7.26 | 264.34 | 271.60 | OK | |
r-release-macos-arm64 | 0.1.1 | 97.00 | NOTE | |||
r-release-macos-x86_64 | 0.1.1 | 172.00 | NOTE | |||
r-release-windows-x86_64 | 0.1.1 | 38.00 | 333.00 | 371.00 | OK | |
r-oldrel-macos-arm64 | 0.1.1 | 117.00 | NOTE | |||
r-oldrel-macos-x86_64 | 0.1.1 | 172.00 | NOTE | |||
r-oldrel-windows-ix86+x86_64 | 0.1.1 | 18.00 | 315.00 | 333.00 | OK |
Version: 0.1.1
Check: dependencies in R code
Result: NOTE
Namespace in Imports field not imported from: ‘spatstat’
All declared Imports should be used.
Flavors: r-devel-linux-x86_64-fedora-clang, r-devel-linux-x86_64-fedora-gcc, r-release-macos-arm64, r-release-macos-x86_64, r-oldrel-macos-arm64, r-oldrel-macos-x86_64