Last updated on 2023-02-07 07:54:01 CET.
Flavor | Version | Tinstall | Tcheck | Ttotal | Status | Flags |
---|---|---|---|---|---|---|
r-devel-linux-x86_64-debian-clang | 1.0.3 | 19.32 | 515.34 | 534.66 | OK | |
r-devel-linux-x86_64-debian-gcc | 1.0.3 | 14.90 | 396.83 | 411.73 | OK | |
r-devel-linux-x86_64-fedora-clang | 1.0.3 | 609.04 | NOTE | |||
r-devel-linux-x86_64-fedora-gcc | 1.0.3 | 593.77 | NOTE | |||
r-devel-windows-x86_64 | 1.0.3 | 45.00 | 520.00 | 565.00 | OK | |
r-patched-linux-x86_64 | 1.0.3 | 18.44 | 490.21 | 508.65 | OK | |
r-release-linux-x86_64 | 1.0.3 | 18.44 | 483.79 | 502.23 | OK | |
r-release-macos-arm64 | 1.0.3 | 164.00 | NOTE | |||
r-release-macos-x86_64 | 1.0.3 | 235.00 | NOTE | |||
r-release-windows-x86_64 | 1.0.3 | 49.00 | 586.00 | 635.00 | OK | |
r-oldrel-macos-arm64 | 1.0.3 | 151.00 | NOTE | |||
r-oldrel-macos-x86_64 | 1.0.3 | 220.00 | NOTE | |||
r-oldrel-windows-ix86+x86_64 | 1.0.3 | 35.00 | 610.00 | 645.00 | OK |
Version: 1.0.3
Check: data for non-ASCII characters
Result: NOTE
Note: found 31 marked UTF-8 strings
Flavors: r-devel-linux-x86_64-fedora-clang, r-devel-linux-x86_64-fedora-gcc, r-release-macos-arm64, r-release-macos-x86_64, r-oldrel-macos-arm64, r-oldrel-macos-x86_64