CRAN Package Check Results for Package forplo

Last updated on 2023-01-28 07:14:54 CET.

Flavor Version Tinstall Tcheck Ttotal Status Flags
r-devel-linux-x86_64-debian-clang 0.2.0 2.52 33.35 35.87 OK
r-devel-linux-x86_64-debian-gcc 0.2.0 2.03 25.87 27.90 OK
r-devel-linux-x86_64-fedora-clang 0.2.0 48.49 OK
r-devel-linux-x86_64-fedora-gcc 0.2.0 57.07 OK
r-devel-windows-x86_64 0.2.0 15.00 64.00 79.00 OK
r-patched-linux-x86_64 0.2.0 2.45 33.25 35.70 OK
r-release-linux-x86_64 0.2.0 2.60 33.89 36.49 OK
r-release-macos-arm64 0.2.0 22.00 OK
r-release-macos-x86_64 0.2.0 33.00 OK
r-release-windows-x86_64 0.2.0 12.00 71.00 83.00 OK
r-oldrel-macos-arm64 0.2.0 21.00 OK
r-oldrel-macos-x86_64 0.2.0 30.00 OK
r-oldrel-windows-ix86+x86_64 0.2.0 7.00 60.00 67.00 WARN

Check Details

Version: 0.2.0
Check: re-building of vignette outputs
Result: WARN
    Error(s) in re-building vignettes:
    --- re-building 'forplo_vignette.Rmd' using rmarkdown
    Warning in doTryCatch(return(expr), name, parentenv, handler) :
     font family not found in Windows font database
    Warning in doTryCatch(return(expr), name, parentenv, handler) :
     font family not found in Windows font database
    Warning in doTryCatch(return(expr), name, parentenv, handler) :
     font family not found in Windows font database
    Warning in doTryCatch(return(expr), name, parentenv, handler) :
     font family not found in Windows font database
    Warning in doTryCatch(return(expr), name, parentenv, handler) :
     font family not found in Windows font database
    Warning in doTryCatch(return(expr), name, parentenv, handler) :
     font family not found in Windows font database
    Warning in doTryCatch(return(expr), name, parentenv, handler) :
     font family not found in Windows font database
    Warning in doTryCatch(return(expr), name, parentenv, handler) :
     font family not found in Windows font database
    Warning in doTryCatch(return(expr), name, parentenv, handler) :
     font family not found in Windows font database
    Warning in doTryCatch(return(expr), name, parentenv, handler) :
     font family not found in Windows font database
    Warning in doTryCatch(return(expr), name, parentenv, handler) :
     font family not found in Windows font database
    Warning in doTryCatch(return(expr), name, parentenv, handler) :
     font family not found in Windows font database
    Warning in doTryCatch(return(expr), name, parentenv, handler) :
     font family not found in Windows font database
    Warning in doTryCatch(return(expr), name, parentenv, handler) :
     font family not found in Windows font database
    Warning in doTryCatch(return(expr), name, parentenv, handler) :
     font family not found in Windows font database
    Warning in doTryCatch(return(expr), name, parentenv, handler) :
     font family not found in Windows font database
    Warning in doTryCatch(return(expr), name, parentenv, handler) :
     font family not found in Windows font database
    Warning in doTryCatch(return(expr), name, parentenv, handler) :
     font family not found in Windows font database
    Warning in doTryCatch(return(expr), name, parentenv, handler) :
     font family not found in Windows font database
    Warning in doTryCatch(return(expr), name, parentenv, handler) :
     font family not found in Windows font database
    Warning in doTryCatch(return(expr), name, parentenv, handler) :
     font family not found in Windows font database
    Warning in doTryCatch(return(expr), name, parentenv, handler) :
     font family not found in Windows font database
    Warning in doTryCatch(return(expr), name, parentenv, handler) :
     font family not found in Windows font database
    Warning in doTryCatch(return(expr), name, parentenv, handler) :
     font family not found in Windows font database
    Warning in doTryCatch(return(expr), name, parentenv, handler) :
     font family not found in Windows font database
    Warning in doTryCatch(return(expr), name, parentenv, handler) :
     font family not found in Windows font database
    Warning in doTryCatch(return(expr), name, parentenv, handler) :
     font family not found in Windows font database
    Warning in doTryCatch(return(expr), name, parentenv, handler) :
     font family not found in Windows font database
    Warning in doTryCatch(return(expr), name, parentenv, handler) :
     font family not found in Windows font database
    Warning in doTryCatch(return(expr), name, parentenv, handler) :
     font family not found in Windows font database
    Warning in doTryCatch(return(expr), name, parentenv, handler) :
     font family not found in Windows font database
    Warning in doTryCatch(return(expr), name, parentenv, handler) :
     font family not found in Windows font database
    Error: processing vignette 'forplo_vignette.Rmd' failed with diagnostics:
    object 'preview_math' not found
    --- failed re-building 'forplo_vignette.Rmd'
    
    SUMMARY: processing the following file failed:
     'forplo_vignette.Rmd'
    
    Error: Vignette re-building failed.
    Execution halted
Flavor: r-oldrel-windows-ix86+x86_64