Last updated on 2023-02-04 08:01:13 CET.
Flavor | Version | Tinstall | Tcheck | Ttotal | Status | Flags |
---|---|---|---|---|---|---|
r-devel-linux-x86_64-debian-clang | 0.2.1 | 3.95 | 51.37 | 55.32 | NOTE | |
r-devel-linux-x86_64-debian-gcc | 0.2.1 | 3.32 | 39.54 | 42.86 | NOTE | |
r-devel-linux-x86_64-fedora-clang | 0.2.1 | 68.63 | NOTE | |||
r-devel-linux-x86_64-fedora-gcc | 0.2.1 | 76.94 | NOTE | |||
r-devel-windows-x86_64 | 0.2.1 | 58.00 | 106.00 | 164.00 | NOTE | |
r-patched-linux-x86_64 | 0.2.1 | 4.12 | 49.20 | 53.32 | NOTE | |
r-release-linux-x86_64 | 0.2.1 | 4.36 | 49.84 | 54.20 | NOTE | |
r-release-macos-arm64 | 0.2.1 | 26.00 | NOTE | |||
r-release-macos-x86_64 | 0.2.1 | 37.00 | NOTE | |||
r-release-windows-x86_64 | 0.2.1 | 76.00 | 95.00 | 171.00 | NOTE | |
r-oldrel-macos-arm64 | 0.2.1 | 31.00 | NOTE | |||
r-oldrel-macos-x86_64 | 0.2.1 | 43.00 | NOTE | |||
r-oldrel-windows-ix86+x86_64 | 0.2.1 | 11.00 | 84.00 | 95.00 | NOTE |
Version: 0.2.1
Check: LazyData
Result: NOTE
'LazyData' is specified without a 'data' directory
Flavors: r-devel-linux-x86_64-debian-clang, r-devel-linux-x86_64-debian-gcc, r-devel-linux-x86_64-fedora-clang, r-devel-linux-x86_64-fedora-gcc, r-devel-windows-x86_64, r-patched-linux-x86_64, r-release-linux-x86_64, r-release-macos-arm64, r-release-macos-x86_64, r-release-windows-x86_64, r-oldrel-macos-arm64, r-oldrel-macos-x86_64, r-oldrel-windows-ix86+x86_64