CRAN Package Check Results for Package formattable

Last updated on 2023-06-10 08:00:22 CEST.

Flavor Version Tinstall Tcheck Ttotal Status Flags
r-devel-linux-x86_64-debian-clang 0.2.1 4.18 49.36 53.54 NOTE
r-devel-linux-x86_64-debian-gcc 0.2.1 3.75 38.90 42.65 NOTE
r-devel-linux-x86_64-fedora-clang 0.2.1 67.81 NOTE
r-devel-linux-x86_64-fedora-gcc 0.2.1 75.41 NOTE
r-devel-windows-x86_64 0.2.1 5.00 68.00 73.00 NOTE
r-patched-linux-x86_64 0.2.1 3.54 48.04 51.58 NOTE
r-release-linux-x86_64 0.2.1 3.73 48.51 52.24 NOTE
r-release-macos-arm64 0.2.1 34.00 NOTE
r-release-macos-x86_64 0.2.1 51.00 NOTE
r-release-windows-x86_64 0.2.1 6.00 74.00 80.00 NOTE
r-oldrel-macos-arm64 0.2.1 26.00 NOTE
r-oldrel-macos-x86_64 0.2.1 37.00 NOTE
r-oldrel-windows-x86_64 0.2.1 7.00 72.00 79.00 NOTE

Check Details

Version: 0.2.1
Check: LazyData
Result: NOTE
     'LazyData' is specified without a 'data' directory
Flavors: r-devel-linux-x86_64-debian-clang, r-devel-linux-x86_64-debian-gcc, r-devel-linux-x86_64-fedora-clang, r-devel-linux-x86_64-fedora-gcc, r-devel-windows-x86_64, r-patched-linux-x86_64, r-release-linux-x86_64, r-release-macos-arm64, r-release-macos-x86_64, r-release-windows-x86_64, r-oldrel-macos-arm64, r-oldrel-macos-x86_64, r-oldrel-windows-x86_64