CRAN Package Check Results for Package forge

Last updated on 2023-01-29 07:56:02 CET.

Flavor Version Tinstall Tcheck Ttotal Status Flags
r-devel-linux-x86_64-debian-clang 0.2.0 2.81 30.04 32.85 NOTE
r-devel-linux-x86_64-debian-gcc 0.2.0 1.82 23.77 25.59 NOTE
r-devel-linux-x86_64-fedora-clang 0.2.0 41.35 NOTE
r-devel-linux-x86_64-fedora-gcc 0.2.0 39.82 NOTE
r-devel-windows-x86_64 0.2.0 19.00 63.00 82.00 NOTE
r-patched-linux-x86_64 0.2.0 2.61 30.26 32.87 NOTE
r-release-linux-x86_64 0.2.0 2.50 30.70 33.20 NOTE
r-release-macos-arm64 0.2.0 17.00 NOTE
r-release-macos-x86_64 0.2.0 27.00 NOTE
r-release-windows-x86_64 0.2.0 11.00 57.00 68.00 NOTE
r-oldrel-macos-arm64 0.2.0 19.00 NOTE
r-oldrel-macos-x86_64 0.2.0 29.00 NOTE
r-oldrel-windows-ix86+x86_64 0.2.0 7.00 53.00 60.00 NOTE

Check Details

Version: 0.2.0
Check: LazyData
Result: NOTE
     'LazyData' is specified without a 'data' directory
Flavors: r-devel-linux-x86_64-debian-clang, r-devel-linux-x86_64-debian-gcc, r-devel-linux-x86_64-fedora-clang, r-devel-linux-x86_64-fedora-gcc, r-devel-windows-x86_64, r-patched-linux-x86_64, r-release-linux-x86_64, r-release-macos-arm64, r-release-macos-x86_64, r-release-windows-x86_64, r-oldrel-macos-arm64, r-oldrel-macos-x86_64, r-oldrel-windows-ix86+x86_64