CRAN Package Check Results for Package forecast

Last updated on 2022-12-02 07:53:22 CET.

Flavor Version Tinstall Tcheck Ttotal Status Flags
r-devel-linux-x86_64-debian-clang 8.19 146.84 417.70 564.54 OK
r-devel-linux-x86_64-debian-gcc 8.19 106.38 295.13 401.51 OK
r-devel-linux-x86_64-fedora-clang 8.19 703.63 OK
r-devel-linux-x86_64-fedora-gcc 8.19 600.39 OK
r-devel-windows-x86_64 8.19 195.00 479.00 674.00 OK
r-patched-linux-x86_64 8.19 120.85 385.01 505.86 OK
r-release-linux-x86_64 8.19 110.45 392.94 503.39 OK
r-release-macos-arm64 8.19 150.00 NOTE
r-release-macos-x86_64 8.19 198.00 OK
r-release-windows-x86_64 8.19 184.00 458.00 642.00 OK
r-oldrel-macos-arm64 8.19 145.00 NOTE
r-oldrel-macos-x86_64 8.19 198.00 OK
r-oldrel-windows-ix86+x86_64 8.19 312.00 774.00 1086.00 OK

Check Details

Version: 8.19
Check: installed package size
Result: NOTE
     installed size is 5.3Mb
     sub-directories of 1Mb or more:
     libs 3.7Mb
Flavors: r-release-macos-arm64, r-oldrel-macos-arm64