CRAN Package Check Results for Package footprint

Last updated on 2024-03-04 07:48:28 CET.

Flavor Version Tinstall Tcheck Ttotal Status Flags
r-devel-linux-x86_64-debian-clang 0.1 5.46 49.11 54.57 NOTE
r-devel-linux-x86_64-debian-gcc 0.1 3.84 37.30 41.14 NOTE
r-devel-linux-x86_64-fedora-clang 0.1 68.64 NOTE
r-devel-linux-x86_64-fedora-gcc 0.1 79.09 NOTE
r-devel-windows-x86_64 0.1 5.00 58.00 63.00 NOTE
r-patched-linux-x86_64 0.1 4.88 46.66 51.54 NOTE
r-release-linux-x86_64 0.1 2.90 46.89 49.79 NOTE
r-release-macos-arm64 0.1 30.00 NOTE
r-release-macos-x86_64 0.1 44.00 NOTE
r-release-windows-x86_64 0.1 7.00 63.00 70.00 NOTE
r-oldrel-macos-arm64 0.1 24.00 NOTE
r-oldrel-windows-x86_64 0.1 6.00 66.00 72.00 NOTE

Check Details

Version: 0.1
Check: LazyData
Result: NOTE 'LazyData' is specified without a 'data' directory Flavors: r-devel-linux-x86_64-debian-clang, r-devel-linux-x86_64-debian-gcc, r-devel-linux-x86_64-fedora-clang, r-devel-linux-x86_64-fedora-gcc, r-devel-windows-x86_64, r-patched-linux-x86_64, r-release-linux-x86_64, r-release-macos-arm64, r-release-macos-x86_64, r-release-windows-x86_64, r-oldrel-macos-arm64, r-oldrel-windows-x86_64