Last updated on 2023-03-28 07:53:02 CEST.
Flavor | Version | Tinstall | Tcheck | Ttotal | Status | Flags |
---|---|---|---|---|---|---|
r-devel-linux-x86_64-debian-clang | 1.0.0 | 1.83 | 22.69 | 24.52 | OK | |
r-devel-linux-x86_64-debian-gcc | 1.0.0 | 1.71 | 17.84 | 19.55 | OK | |
r-devel-linux-x86_64-fedora-clang | 1.0.0 | 31.49 | NOTE | |||
r-devel-linux-x86_64-fedora-gcc | 1.0.0 | 29.80 | NOTE | |||
r-patched-linux-x86_64 | 1.0.0 | 1.57 | 21.92 | 23.49 | OK | |
r-release-linux-x86_64 | 1.0.0 | 1.68 | 23.40 | 25.08 | OK | |
r-release-macos-arm64 | 1.0.0 | 16.00 | NOTE | |||
r-release-macos-x86_64 | 1.0.0 | 22.00 | NOTE | |||
r-release-windows-x86_64 | 1.0.0 | 5.00 | 52.00 | 57.00 | OK | |
r-oldrel-macos-arm64 | 1.0.0 | 18.00 | NOTE | |||
r-oldrel-macos-x86_64 | 1.0.0 | 24.00 | NOTE | |||
r-oldrel-windows-ix86+x86_64 | 1.0.0 | 5.00 | 27.00 | 32.00 | OK |
Version: 1.0.0
Check: data for non-ASCII characters
Result: NOTE
Note: found 234 marked UTF-8 strings
Flavors: r-devel-linux-x86_64-fedora-clang, r-devel-linux-x86_64-fedora-gcc, r-release-macos-arm64, r-release-macos-x86_64, r-oldrel-macos-arm64, r-oldrel-macos-x86_64