CRAN Package Check Results for Package fmf

Last updated on 2023-01-29 07:56:02 CET.

Flavor Version Tinstall Tcheck Ttotal Status Flags
r-devel-linux-x86_64-debian-clang 1.1.1 55.54 171.54 227.08 OK
r-devel-linux-x86_64-debian-gcc 1.1.1 43.64 126.66 170.30 NOTE
r-devel-linux-x86_64-fedora-clang 1.1.1 303.08 OK
r-devel-linux-x86_64-fedora-gcc 1.1.1 299.46 NOTE
r-devel-windows-x86_64 1.1.1 57.00 220.00 277.00 NOTE
r-patched-linux-x86_64 1.1.1 44.97 161.25 206.22 OK
r-release-linux-x86_64 1.1.1 48.77 163.11 211.88 OK
r-release-macos-arm64 1.1.1 68.00 OK
r-release-macos-x86_64 1.1.1 121.00 OK
r-release-windows-x86_64 1.1.1 52.00 229.00 281.00 OK
r-oldrel-macos-arm64 1.1.1 76.00 OK
r-oldrel-macos-x86_64 1.1.1 114.00 OK
r-oldrel-windows-ix86+x86_64 1.1.1 130.00 263.00 393.00 OK

Check Details

Version: 1.1.1
Check: C++ specification
Result: NOTE
     Specified C++11: please update to current default of C++17
Flavors: r-devel-linux-x86_64-debian-gcc, r-devel-linux-x86_64-fedora-gcc, r-devel-windows-x86_64