Last updated on 2023-02-03 06:50:17 CET.
Flavor | Version | Tinstall | Tcheck | Ttotal | Status | Flags |
---|---|---|---|---|---|---|
r-devel-linux-x86_64-debian-clang | 0.3.0 | 6.53 | 72.11 | 78.64 | NOTE | |
r-devel-linux-x86_64-debian-gcc | 0.3.0 | 6.36 | 54.65 | 61.01 | NOTE | |
r-devel-linux-x86_64-fedora-clang | 0.3.0 | 98.47 | NOTE | |||
r-devel-linux-x86_64-fedora-gcc | 0.3.0 | 106.21 | NOTE | |||
r-devel-windows-x86_64 | 0.3.0 | 45.00 | 116.00 | 161.00 | NOTE | |
r-patched-linux-x86_64 | 0.3.0 | 12.68 | 68.21 | 80.89 | NOTE | |
r-release-linux-x86_64 | 0.3.0 | 8.31 | 65.61 | 73.92 | NOTE | |
r-release-macos-arm64 | 0.3.0 | 27.00 | NOTE | |||
r-release-macos-x86_64 | 0.3.0 | 43.00 | NOTE | |||
r-release-windows-x86_64 | 0.3.0 | 49.00 | 112.00 | 161.00 | NOTE | |
r-oldrel-macos-arm64 | 0.3.0 | 35.00 | NOTE | |||
r-oldrel-macos-x86_64 | 0.3.0 | 51.00 | NOTE | |||
r-oldrel-windows-ix86+x86_64 | 0.3.0 | 16.00 | 95.00 | 111.00 | NOTE |
Version: 0.3.0
Check: LazyData
Result: NOTE
'LazyData' is specified without a 'data' directory
Flavors: r-devel-linux-x86_64-debian-clang, r-devel-linux-x86_64-debian-gcc, r-devel-linux-x86_64-fedora-clang, r-devel-linux-x86_64-fedora-gcc, r-devel-windows-x86_64, r-patched-linux-x86_64, r-release-linux-x86_64, r-release-macos-arm64, r-release-macos-x86_64, r-release-windows-x86_64, r-oldrel-macos-arm64, r-oldrel-macos-x86_64, r-oldrel-windows-ix86+x86_64