Last updated on 2025-01-17 06:49:22 CET.
Flavor | Version | Tinstall | Tcheck | Ttotal | Status | Flags |
---|---|---|---|---|---|---|
r-devel-linux-x86_64-debian-clang | 0.1.3 | 15.01 | 104.02 | 119.03 | OK | |
r-devel-linux-x86_64-debian-gcc | 0.1.3 | 9.99 | 77.19 | 87.18 | OK | |
r-devel-linux-x86_64-fedora-clang | 0.1.3 | 201.47 | OK | |||
r-devel-linux-x86_64-fedora-gcc | 0.1.3 | 184.58 | OK | |||
r-devel-windows-x86_64 | 0.1.3 | 17.00 | 103.00 | 120.00 | OK | |
r-patched-linux-x86_64 | 0.1.3 | 13.37 | 95.97 | 109.34 | NOTE | |
r-release-linux-x86_64 | 0.1.3 | 14.96 | 96.43 | 111.39 | NOTE | |
r-release-macos-arm64 | 0.1.3 | 53.00 | OK | |||
r-release-macos-x86_64 | 0.1.3 | 74.00 | OK | |||
r-release-windows-x86_64 | 0.1.3 | 14.00 | 107.00 | 121.00 | OK | |
r-oldrel-macos-arm64 | 0.1.3 | 54.00 | OK | |||
r-oldrel-macos-x86_64 | 0.1.3 | 119.00 | OK | |||
r-oldrel-windows-x86_64 | 0.1.3 | 22.00 | 126.00 | 148.00 | OK |
Version: 0.1.3
Check: package dependencies
Result: NOTE
Package suggested but not available for checking: ‘h2o’
Flavors: r-patched-linux-x86_64, r-release-linux-x86_64