CRAN Package Check Results for Package flightplot

Last updated on 2023-06-10 08:00:22 CEST.

Flavor Version Tinstall Tcheck Ttotal Status Flags
r-devel-linux-x86_64-debian-clang 0.1.0 6.38 50.94 57.32 OK
r-devel-linux-x86_64-debian-gcc 0.1.0 4.79 38.24 43.03 OK
r-devel-linux-x86_64-fedora-clang 0.1.0 69.37 NOTE
r-devel-linux-x86_64-fedora-gcc 0.1.0 64.29 NOTE
r-devel-windows-x86_64 0.1.0 7.00 58.00 65.00 OK
r-patched-linux-x86_64 0.1.0 6.67 46.76 53.43 OK
r-release-linux-x86_64 0.1.0 5.31 45.93 51.24 OK
r-release-macos-arm64 0.1.0 26.00 OK
r-release-macos-x86_64 0.1.0 36.00 OK
r-release-windows-x86_64 0.1.0 8.00 62.00 70.00 OK
r-oldrel-macos-arm64 0.1.0 25.00 NOTE
r-oldrel-macos-x86_64 0.1.0 49.00 NOTE
r-oldrel-windows-x86_64 0.1.0 8.00 67.00 75.00 OK

Check Details

Version: 0.1.0
Check: data for non-ASCII characters
Result: NOTE
     Note: found 710 marked UTF-8 strings
Flavors: r-devel-linux-x86_64-fedora-clang, r-devel-linux-x86_64-fedora-gcc, r-oldrel-macos-arm64, r-oldrel-macos-x86_64