Last updated on 2023-11-28 07:53:02 CET.
Flavor | Version | Tinstall | Tcheck | Ttotal | Status | Flags |
---|---|---|---|---|---|---|
r-devel-linux-x86_64-debian-clang | 0.9 | 110.44 | 72.47 | 182.91 | OK | |
r-devel-linux-x86_64-debian-gcc | 0.9 | 71.73 | 54.45 | 126.18 | OK | |
r-devel-linux-x86_64-fedora-clang | 0.9 | 239.24 | OK | |||
r-devel-linux-x86_64-fedora-gcc | 0.9 | 251.70 | OK | |||
r-devel-windows-x86_64 | 0.9 | 72.00 | 100.00 | 172.00 | OK | |
r-patched-linux-x86_64 | 0.9 | 87.77 | 69.97 | 157.74 | OK | |
r-release-linux-x86_64 | 0.9 | 90.73 | 69.66 | 160.39 | OK | |
r-release-macos-arm64 | 0.9 | 63.00 | NOTE | |||
r-release-macos-x86_64 | 0.9 | 110.00 | NOTE | |||
r-release-windows-x86_64 | 0.9 | 95.00 | 113.00 | 208.00 | OK | |
r-oldrel-macos-arm64 | 0.9 | 58.00 | NOTE | |||
r-oldrel-macos-x86_64 | 0.9 | 73.00 | NOTE | |||
r-oldrel-windows-x86_64 | 0.9 | 92.00 | 113.00 | 205.00 | OK |
Version: 0.9
Check: installed package size
Result: NOTE
installed size is 7.8Mb
sub-directories of 1Mb or more:
libs 7.6Mb
Flavors: r-release-macos-arm64, r-release-macos-x86_64, r-oldrel-macos-arm64, r-oldrel-macos-x86_64