CRAN Package Check Results for Package flan

Last updated on 2023-01-27 07:50:32 CET.

Flavor Version Tinstall Tcheck Ttotal Status Flags
r-devel-linux-x86_64-debian-clang 0.9 95.33 69.19 164.52 OK
r-devel-linux-x86_64-debian-gcc 0.9 81.87 52.95 134.82 OK
r-devel-linux-x86_64-fedora-clang 0.9 232.47 OK
r-devel-linux-x86_64-fedora-gcc 0.9 218.98 OK
r-devel-windows-x86_64 0.9 92.00 117.00 209.00 OK
r-patched-linux-x86_64 0.9 84.13 69.82 153.95 OK
r-release-linux-x86_64 0.9 89.71 69.62 159.33 OK
r-release-macos-arm64 0.9 60.00 NOTE
r-release-macos-x86_64 0.9 73.00 NOTE
r-release-windows-x86_64 0.9 83.00 136.00 219.00 OK
r-oldrel-macos-arm64 0.9 60.00 NOTE
r-oldrel-macos-x86_64 0.9 71.00 NOTE
r-oldrel-windows-ix86+x86_64 0.9 230.00 140.00 370.00 OK

Check Details

Version: 0.9
Check: installed package size
Result: NOTE
     installed size is 7.1Mb
     sub-directories of 1Mb or more:
     libs 6.9Mb
Flavors: r-release-macos-arm64, r-release-macos-x86_64, r-oldrel-macos-arm64, r-oldrel-macos-x86_64