Last updated on 2023-11-28 07:53:02 CET.
Flavor | Version | Tinstall | Tcheck | Ttotal | Status | Flags |
---|---|---|---|---|---|---|
r-devel-linux-x86_64-debian-clang | 1.8 | 15.01 | 149.07 | 164.08 | NOTE | |
r-devel-linux-x86_64-debian-gcc | 1.8 | 9.82 | 107.62 | 117.44 | NOTE | |
r-devel-linux-x86_64-fedora-clang | 1.8 | 201.40 | OK | |||
r-devel-linux-x86_64-fedora-gcc | 1.8 | 200.40 | OK | |||
r-devel-windows-x86_64 | 1.8 | 14.00 | 122.00 | 136.00 | OK | |
r-patched-linux-x86_64 | 1.8 | 17.33 | 139.20 | 156.53 | OK | |
r-release-linux-x86_64 | 1.8 | 12.96 | 139.44 | 152.40 | OK | |
r-release-macos-arm64 | 1.8 | 62.00 | OK | |||
r-release-macos-x86_64 | 1.8 | 102.00 | OK | |||
r-release-windows-x86_64 | 1.8 | 18.00 | 148.00 | 166.00 | OK | |
r-oldrel-macos-arm64 | 1.8 | 53.00 | OK | |||
r-oldrel-macos-x86_64 | 1.8 | 99.00 | OK | |||
r-oldrel-windows-x86_64 | 1.8 | 18.00 | 141.00 | 159.00 | OK |
Version: 1.8
Check: Rd files
Result: NOTE
checkRd: (-1) convertInitDesignToGrid.Rd:11: Lost braces; missing escapes or markup?
11 | The initial design, consisting of \code{d + 1} columns ({d} dimensions and
| ^
Flavors: r-devel-linux-x86_64-debian-clang, r-devel-linux-x86_64-debian-gcc