Last updated on 2023-02-08 07:54:30 CET.
Flavor | Version | Tinstall | Tcheck | Ttotal | Status | Flags |
---|---|---|---|---|---|---|
r-devel-linux-x86_64-debian-clang | 0.2.0 | 7.92 | 71.82 | 79.74 | NOTE | |
r-devel-linux-x86_64-debian-gcc | 0.2.0 | 4.98 | 52.13 | 57.11 | NOTE | |
r-devel-linux-x86_64-fedora-clang | 0.2.0 | 103.35 | NOTE | |||
r-devel-linux-x86_64-fedora-gcc | 0.2.0 | 94.23 | NOTE | |||
r-devel-windows-x86_64 | 0.2.0 | 12.00 | 94.00 | 106.00 | OK | |
r-patched-linux-x86_64 | 0.2.0 | 7.93 | 68.38 | 76.31 | NOTE | |
r-release-linux-x86_64 | 0.2.0 | 6.41 | 70.00 | 76.41 | NOTE | |
r-release-macos-arm64 | 0.2.0 | 32.00 | OK | |||
r-release-macos-x86_64 | 0.2.0 | 56.00 | NOTE | |||
r-release-windows-x86_64 | 0.2.0 | 14.00 | 108.00 | 122.00 | OK | |
r-oldrel-macos-arm64 | 0.2.0 | 28.00 | OK | |||
r-oldrel-macos-x86_64 | 0.2.0 | 42.00 | OK | |||
r-oldrel-windows-ix86+x86_64 | 0.2.0 | 19.00 | 98.00 | 117.00 | OK |
Version: 0.2.0
Check: package dependencies
Result: NOTE
Packages suggested but not available for checking:
'benchden', 'reliaR', 'STAR'
Flavors: r-devel-linux-x86_64-debian-clang, r-devel-linux-x86_64-debian-gcc, r-devel-linux-x86_64-fedora-clang, r-devel-linux-x86_64-fedora-gcc, r-patched-linux-x86_64, r-release-linux-x86_64
Version: 0.2.0
Check: package dependencies
Result: NOTE
Package suggested but not available for checking: ‘reliaR’
Flavor: r-release-macos-x86_64