Last updated on 2023-02-04 08:01:13 CET.
Flavor | Version | Tinstall | Tcheck | Ttotal | Status | Flags |
---|---|---|---|---|---|---|
r-devel-linux-x86_64-debian-clang | 0.2.0 | 6.40 | 56.76 | 63.16 | OK | |
r-devel-linux-x86_64-debian-gcc | 0.2.0 | 5.85 | 42.63 | 48.48 | OK | |
r-devel-linux-x86_64-fedora-clang | 0.2.0 | 81.19 | NOTE | |||
r-devel-linux-x86_64-fedora-gcc | 0.2.0 | 80.24 | NOTE | |||
r-devel-windows-x86_64 | 0.2.0 | 35.00 | 87.00 | 122.00 | OK | |
r-patched-linux-x86_64 | 0.2.0 | 6.23 | 54.93 | 61.16 | OK | |
r-release-linux-x86_64 | 0.2.0 | 6.64 | 56.21 | 62.85 | OK | |
r-release-macos-arm64 | 0.2.0 | 23.00 | NOTE | |||
r-release-macos-x86_64 | 0.2.0 | 52.00 | NOTE | |||
r-release-windows-x86_64 | 0.2.0 | 22.00 | 95.00 | 117.00 | OK | |
r-oldrel-macos-arm64 | 0.2.0 | 34.00 | NOTE | |||
r-oldrel-macos-x86_64 | 0.2.0 | 39.00 | NOTE | |||
r-oldrel-windows-ix86+x86_64 | 0.2.0 | 15.00 | 80.00 | 95.00 | OK |
Version: 0.2.0
Check: dependencies in R code
Result: NOTE
Namespace in Imports field not imported from: ‘jsonlite’
All declared Imports should be used.
Flavors: r-devel-linux-x86_64-fedora-clang, r-devel-linux-x86_64-fedora-gcc, r-release-macos-arm64, r-release-macos-x86_64, r-oldrel-macos-arm64, r-oldrel-macos-x86_64