CRAN Package Check Results for Package fishtree

Last updated on 2023-01-30 09:54:11 CET.

Flavor Version Tinstall Tcheck Ttotal Status Flags
r-devel-linux-x86_64-debian-clang 0.3.4 2.94 38.59 41.53 NOTE
r-devel-linux-x86_64-debian-gcc 0.3.4 2.12 29.96 32.08 NOTE
r-devel-linux-x86_64-fedora-clang 0.3.4 52.29 NOTE
r-devel-linux-x86_64-fedora-gcc 0.3.4 66.57 NOTE
r-devel-windows-x86_64 0.3.4 37.00 75.00 112.00 NOTE
r-patched-linux-x86_64 0.3.4 2.06 38.59 40.65 NOTE
r-release-linux-x86_64 0.3.4 2.95 37.55 40.50 NOTE
r-release-macos-arm64 0.3.4 22.00 NOTE
r-release-macos-x86_64 0.3.4 35.00 NOTE
r-release-windows-x86_64 0.3.4 17.00 80.00 97.00 NOTE
r-oldrel-macos-arm64 0.3.4 26.00 NOTE
r-oldrel-macos-x86_64 0.3.4 34.00 NOTE
r-oldrel-windows-ix86+x86_64 0.3.4 8.00 65.00 73.00 NOTE

Check Details

Version: 0.3.4
Check: LazyData
Result: NOTE
     'LazyData' is specified without a 'data' directory
Flavors: r-devel-linux-x86_64-debian-clang, r-devel-linux-x86_64-debian-gcc, r-devel-linux-x86_64-fedora-clang, r-devel-linux-x86_64-fedora-gcc, r-devel-windows-x86_64, r-patched-linux-x86_64, r-release-linux-x86_64, r-release-macos-arm64, r-release-macos-x86_64, r-release-windows-x86_64, r-oldrel-macos-arm64, r-oldrel-macos-x86_64, r-oldrel-windows-ix86+x86_64