Last updated on 2023-01-30 09:54:11 CET.
Flavor | Version | Tinstall | Tcheck | Ttotal | Status | Flags |
---|---|---|---|---|---|---|
r-devel-linux-x86_64-debian-clang | 1.11-3 | 35.89 | 228.42 | 264.31 | OK | |
r-devel-linux-x86_64-debian-gcc | 1.12-0 | 84.33 | 163.85 | 248.18 | OK | |
r-devel-linux-x86_64-fedora-clang | 1.12-0 | 410.01 | OK | |||
r-devel-linux-x86_64-fedora-gcc | 1.12-0 | 233.12 | OK | |||
r-devel-windows-x86_64 | 1.12-0 | 331.00 | 287.00 | 618.00 | NOTE | |
r-patched-linux-x86_64 | 1.12-0 | 86.84 | 209.20 | 296.04 | OK | |
r-release-linux-x86_64 | 1.12-0 | 90.28 | 209.54 | 299.82 | OK | |
r-release-macos-arm64 | 1.12-0 | 82.00 | NOTE | |||
r-release-macos-x86_64 | 1.12-0 | 130.00 | NOTE | |||
r-release-windows-x86_64 | 1.12-0 | 166.00 | 282.00 | 448.00 | NOTE | |
r-oldrel-macos-arm64 | 1.12-0 | 80.00 | NOTE | |||
r-oldrel-macos-x86_64 | 1.12-0 | 132.00 | NOTE | |||
r-oldrel-windows-ix86+x86_64 | 1.12-0 | 140.00 | 306.00 | 446.00 | NOTE |
Version: 1.12-0
Check: installed package size
Result: NOTE
installed size is 13.7Mb
sub-directories of 1Mb or more:
libs 12.5Mb
Flavors: r-devel-windows-x86_64, r-release-macos-arm64, r-release-macos-x86_64, r-release-windows-x86_64, r-oldrel-macos-arm64, r-oldrel-macos-x86_64, r-oldrel-windows-ix86+x86_64