CRAN Package Check Results for Package fishMod

Last updated on 2023-02-04 08:01:13 CET.

Flavor Version Tinstall Tcheck Ttotal Status Flags
r-devel-linux-x86_64-debian-clang 0.29 6.57 26.97 33.54 NOTE
r-devel-linux-x86_64-debian-gcc 0.29 4.81 21.31 26.12 NOTE
r-devel-linux-x86_64-fedora-clang 0.29 43.21 NOTE
r-devel-linux-x86_64-fedora-gcc 0.29 44.80 NOTE
r-devel-windows-x86_64 0.29 10.00 64.00 74.00 NOTE
r-patched-linux-x86_64 0.29 6.08 27.16 33.24 OK
r-release-linux-x86_64 0.29 5.90 27.41 33.31 OK
r-release-macos-arm64 0.29 19.00 OK
r-release-macos-x86_64 0.29 27.00 OK
r-release-windows-x86_64 0.29 14.00 58.00 72.00 OK
r-oldrel-macos-arm64 0.29 27.00 OK
r-oldrel-macos-x86_64 0.29 33.00 OK
r-oldrel-windows-ix86+x86_64 0.29 13.00 38.00 51.00 OK

Check Details

Version: 0.29
Check: C++ specification
Result: NOTE
     Specified C++11: please update to current default of C++17
Flavors: r-devel-linux-x86_64-debian-clang, r-devel-linux-x86_64-debian-gcc, r-devel-linux-x86_64-fedora-clang, r-devel-linux-x86_64-fedora-gcc, r-devel-windows-x86_64

Version: 0.29
Check: compiled code
Result: NOTE
    File ‘fishMod/libs/fishMod.so’:
     Found no calls to: ‘R_registerRoutines’, ‘R_useDynamicSymbols’
    
    It is good practice to register native routines and to disable symbol
    search.
    
    See ‘Writing portable packages’ in the ‘Writing R Extensions’ manual.
Flavors: r-devel-linux-x86_64-fedora-clang, r-devel-linux-x86_64-fedora-gcc