CRAN Package Check Results for Package fipp

Last updated on 2022-09-25 06:54:09 CEST.

Flavor Version Tinstall Tcheck Ttotal Status Flags
r-devel-linux-x86_64-debian-clang 1.0.0 24.87 73.56 98.43 NOTE
r-devel-linux-x86_64-debian-gcc 1.0.0 22.15 53.65 75.80 NOTE
r-devel-linux-x86_64-fedora-clang 1.0.0 143.60 NOTE
r-devel-linux-x86_64-fedora-gcc 1.0.0 142.32 NOTE
r-devel-windows-x86_64 1.0.0 33.00 115.00 148.00 NOTE
r-patched-linux-x86_64 1.0.0 19.65 69.74 89.39 NOTE
r-release-linux-x86_64 1.0.0 26.04 70.03 96.07 NOTE
r-release-macos-arm64 1.0.0 40.00 NOTE
r-release-macos-x86_64 1.0.0 50.00 NOTE
r-release-windows-x86_64 1.0.0 31.00 124.00 155.00 NOTE
r-oldrel-macos-arm64 1.0.0 41.00 NOTE
r-oldrel-macos-x86_64 1.0.0 63.00 NOTE
r-oldrel-windows-ix86+x86_64 1.0.0 74.00 120.00 194.00 NOTE

Check Details

Version: 1.0.0
Check: LazyData
Result: NOTE
     'LazyData' is specified without a 'data' directory
Flavors: r-devel-linux-x86_64-debian-clang, r-devel-linux-x86_64-debian-gcc, r-devel-linux-x86_64-fedora-clang, r-devel-linux-x86_64-fedora-gcc, r-devel-windows-x86_64, r-patched-linux-x86_64, r-release-linux-x86_64, r-release-macos-arm64, r-release-macos-x86_64, r-release-windows-x86_64, r-oldrel-macos-arm64, r-oldrel-macos-x86_64, r-oldrel-windows-ix86+x86_64