CRAN Package Check Results for Package fingerprint

Last updated on 2023-01-26 07:53:51 CET.

Flavor Version Tinstall Tcheck Ttotal Status Flags
r-devel-linux-x86_64-debian-clang 3.5.7 5.54 34.82 40.36 NOTE
r-devel-linux-x86_64-debian-gcc 3.5.7 4.33 26.46 30.79 NOTE
r-devel-linux-x86_64-fedora-clang 3.5.7 49.76 NOTE
r-devel-linux-x86_64-fedora-gcc 3.5.7 49.26 NOTE
r-devel-windows-x86_64 3.5.7 56.00 63.00 119.00 NOTE
r-patched-linux-x86_64 3.5.7 5.34 33.33 38.67 OK
r-release-linux-x86_64 3.5.7 4.57 34.43 39.00 OK
r-release-macos-arm64 3.5.7 20.00 OK
r-release-macos-x86_64 3.5.7 27.00 OK
r-release-windows-x86_64 3.5.7 66.00 76.00 142.00 OK
r-oldrel-macos-arm64 3.5.7 23.00 OK
r-oldrel-macos-x86_64 3.5.7 39.00 OK
r-oldrel-windows-ix86+x86_64 3.5.7 16.00 72.00 88.00 OK

Check Details

Version: 3.5.7
Check: Rd files
Result: NOTE
    checkRd: (-1) bitspec.Rd:8: Escaped LaTeX specials: \&
Flavors: r-devel-linux-x86_64-debian-clang, r-devel-linux-x86_64-debian-gcc, r-devel-linux-x86_64-fedora-clang, r-devel-linux-x86_64-fedora-gcc, r-devel-windows-x86_64