CRAN Package Check Results for Package filterNHP

Last updated on 2024-07-14 06:54:22 CEST.

Flavor Version Tinstall Tcheck Ttotal Status Flags
r-devel-linux-x86_64-debian-clang 0.1.2 4.69 42.81 47.50 OK
r-devel-linux-x86_64-debian-gcc 0.1.2 5.30 32.71 38.01 OK
r-devel-linux-x86_64-fedora-clang 0.1.2 66.22 NOTE
r-devel-linux-x86_64-fedora-gcc 0.1.2 59.07 NOTE
r-devel-windows-x86_64 0.1.2 9.00 52.00 61.00 OK
r-patched-linux-x86_64 0.1.2 4.93 41.29 46.22 OK
r-release-linux-x86_64 0.1.2 5.28 40.57 45.85 OK
r-release-macos-arm64 0.1.2 22.00 OK
r-release-macos-x86_64 0.1.2 33.00 OK
r-release-windows-x86_64 0.1.2 9.00 52.00 61.00 OK
r-oldrel-macos-arm64 0.1.2 26.00 OK
r-oldrel-macos-x86_64 0.1.2 34.00 OK
r-oldrel-windows-x86_64 0.1.2 11.00 60.00 71.00 OK

Check Details

Version: 0.1.2
Check: dependencies in R code
Result: NOTE Namespaces in Imports field not imported from: ‘rclipboard’ ‘shinyBS’ ‘shinyWidgets’ ‘shinyjs’ All declared Imports should be used. Flavors: r-devel-linux-x86_64-fedora-clang, r-devel-linux-x86_64-fedora-gcc